[Sun May 17 05:03:48.963408 2026] [core:crit] [pid 428070:tid 428070] (13)Permission denied: [client 192.53.123.118:38040] AH00529: /home/eroberts/public_html/.htaccess pcfg_openfile: unable to check htaccess file, ensure it is readable and that '/home/eroberts/public_html/' is executable
[Sun May 17 05:03:50.256588 2026] [core:crit] [pid 443539:tid 443539] (13)Permission denied: [client 192.53.123.118:38056] AH00529: /home/eroberts/public_html/.htaccess pcfg_openfile: unable to check htaccess file, ensure it is readable and that '/home/eroberts/public_html/' is executable
[Sun May 17 05:03:54.686933 2026] [cgi:error] [pid 443373:tid 443373] [client 192.53.123.118:37644] AH02811: stderr from /var/www/html/indice.cgi: script not found or unable to stat
[Sun May 17 05:04:01.605756 2026] [cgi:error] [pid 443539:tid 443539] [client 192.53.123.118:18036] AH02811: stderr from /var/www/html/index.cgi: script not found or unable to stat
[Sun May 17 05:04:10.842904 2026] [cgi:error] [pid 433352:tid 433352] [client 192.53.123.118:36376] AH02811: stderr from /var/www/html/menu.pl: script not found or unable to stat
[Sun May 17 05:04:19.099298 2026] [core:crit] [pid 443373:tid 443373] (13)Permission denied: [client 192.53.123.118:11192] AH00529: /home/eroberts/public_html/.htaccess pcfg_openfile: unable to check htaccess file, ensure it is readable and that '/home/eroberts/public_html/' is executable
[Sun May 17 05:04:21.317156 2026] [core:crit] [pid 423838:tid 423838] (13)Permission denied: [client 192.53.123.118:11244] AH00529: /home/eroberts/public_html/.htaccess pcfg_openfile: unable to check htaccess file, ensure it is readable and that '/home/eroberts/public_html/' is executable
[Sun May 17 05:04:24.015896 2026] [cgi:error] [pid 428076:tid 428076] [client 192.53.123.118:11276] AH02811: stderr from /home/eroberts/public_html/home.pl: script not found or unable to stat
[Sun May 17 05:04:25.966353 2026] [cgi:error] [pid 443609:tid 443609] [client 192.53.123.118:11298] AH02811: stderr from /home/eroberts/public_html/base.pl: script not found or unable to stat
[Sun May 17 05:04:27.560259 2026] [core:crit] [pid 423827:tid 423827] (13)Permission denied: [client 192.53.123.118:9388] AH00529: /home/eroberts/public_html/.htaccess pcfg_openfile: unable to check htaccess file, ensure it is readable and that '/home/eroberts/public_html/' is executable
[Sun May 17 05:04:28.921807 2026] [cgi:error] [pid 443551:tid 443551] [client 192.53.123.118:4922] AH02811: stderr from /var/www/html/inicio.cgi: script not found or unable to stat
[Sun May 17 05:04:29.089263 2026] [core:crit] [pid 423825:tid 423825] (13)Permission denied: [client 192.53.123.118:9404] AH00529: /home/eroberts/public_html/.htaccess pcfg_openfile: unable to check htaccess file, ensure it is readable and that '/home/eroberts/public_html/' is executable
[Sun May 17 05:04:30.010994 2026] [proxy_fcgi:error] [pid 428070:tid 428070] [client 192.53.123.118:9406] AH01071: Got error 'Primary script unknown'
[Sun May 17 05:04:30.475219 2026] [cgi:error] [pid 423827:tid 423827] [client 192.53.123.118:9422] AH02811: stderr from /home/eroberts/public_html/cgi-bin/info.cgi: script not found or unable to stat
[Sun May 17 05:04:32.495717 2026] [core:crit] [pid 423827:tid 423827] (13)Permission denied: [client 192.53.123.118:9462] AH00529: /home/eroberts/public_html/.htaccess pcfg_openfile: unable to check htaccess file, ensure it is readable and that '/home/eroberts/public_html/' is executable
[Sun May 17 05:04:32.497810 2026] [core:crit] [pid 443373:tid 443373] (13)Permission denied: [client 192.53.123.118:9478] AH00529: /home/eroberts/public_html/.htaccess pcfg_openfile: unable to check htaccess file, ensure it is readable and that '/home/eroberts/public_html/' is executable
[Sun May 17 05:04:33.661948 2026] [core:crit] [pid 443551:tid 443551] (13)Permission denied: [client 192.53.123.118:9484] AH00529: /home/eroberts/public_html/.htaccess pcfg_openfile: unable to check htaccess file, ensure it is readable and that '/home/eroberts/public_html/' is executable
[Sun May 17 05:04:33.663804 2026] [core:crit] [pid 443609:tid 443609] (13)Permission denied: [client 192.53.123.118:9492] AH00529: /home/eroberts/public_html/.htaccess pcfg_openfile: unable to check htaccess file, ensure it is readable and that '/home/eroberts/public_html/' is executable
[Sun May 17 05:04:41.209353 2026] [cgi:error] [pid 423825:tid 423825] [client 192.53.123.118:16390] AH02811: stderr from /home/eroberts/public_html/localstart.cgi: script not found or unable to stat
[Sun May 17 05:04:43.618462 2026] [core:crit] [pid 428076:tid 428076] (13)Permission denied: [client 192.53.123.118:16422] AH00529: /home/eroberts/public_html/.htaccess pcfg_openfile: unable to check htaccess file, ensure it is readable and that '/home/eroberts/public_html/' is executable
[Sun May 17 05:04:43.685933 2026] [cgi:error] [pid 433352:tid 433352] [client 192.53.123.118:30652] AH02811: stderr from /var/www/html/main.cgi: script not found or unable to stat
[Sun May 17 05:04:43.689796 2026] [cgi:error] [pid 443373:tid 443373] [client 192.53.123.118:16412] AH02811: stderr from /home/eroberts/public_html/admin.pl: script not found or unable to stat
[Sun May 17 05:04:46.624015 2026] [core:crit] [pid 423838:tid 423838] (13)Permission denied: [client 192.53.123.118:51782] AH00529: /home/eroberts/public_html/.htaccess pcfg_openfile: unable to check htaccess file, ensure it is readable and that '/home/eroberts/public_html/' is executable
[Sun May 17 05:04:58.346354 2026] [core:crit] [pid 428070:tid 428070] (13)Permission denied: [client 192.53.123.118:23328] AH00529: /home/eroberts/public_html/.htaccess pcfg_openfile: unable to check htaccess file, ensure it is readable and that '/home/eroberts/public_html/' is executable
[Sun May 17 05:05:02.206963 2026] [cgi:error] [pid 443551:tid 443551] [client 192.53.123.118:23342] AH02811: stderr from /home/eroberts/public_html/indice.cgi: script not found or unable to stat
[Sun May 17 05:05:03.852283 2026] [proxy_fcgi:error] [pid 443641:tid 443641] [client 192.53.123.118:23356] AH01071: Got error 'Primary script unknown'
[Sun May 17 05:05:12.321956 2026] [cgi:error] [pid 433352:tid 433352] [client 192.53.123.118:39632] AH02811: stderr from /home/eroberts/public_html/index.cgi: script not found or unable to stat
[Sun May 17 05:05:22.968490 2026] [ssl:error] [pid 423838:tid 423838] [client 192.53.123.118:2310] AH02031: Hostname ip98.ip-51-75-182.eu provided via SNI, but no hostname provided in HTTP request
[Sun May 17 05:05:22.968614 2026] [core:crit] [pid 423838:tid 423838] (13)Permission denied: [client 192.53.123.118:2310] AH00529: /home/eroberts/public_html/.htaccess pcfg_openfile: unable to check htaccess file, ensure it is readable and that '/home/eroberts/public_html/' is executable
[Sun May 17 05:18:51.164934 2026] [core:error] [pid 428076:tid 428076] [client 152.32.174.171:39524] AH10244: invalid URI path (/cgi-bin/.%2e/.%2e/.%2e/.%2e/.%2e/.%2e/.%2e/.%2e/.%2e/.%2e/bin/sh)
[Sun May 17 05:18:51.684360 2026] [core:error] [pid 423727:tid 423727] [client 152.32.174.171:39526] AH10244: invalid URI path (/cgi-bin/%%32%65%%32%65/%%32%65%%32%65/%%32%65%%32%65/%%32%65%%32%65/%%32%65%%32%65/%%32%65%%32%65/%%32%65%%32%65/bin/sh)
[Sun May 17 05:18:51.800450 2026] [core:crit] [pid 423838:tid 423838] (13)Permission denied: [client 43.134.114.37:40510] AH00529: /home/eroberts/public_html/.htaccess pcfg_openfile: unable to check htaccess file, ensure it is readable and that '/home/eroberts/public_html/' is executable
[Sun May 17 05:33:17.729672 2026] [cgi:error] [pid 428076:tid 428076] [client 94.243.11.246:3414] AH02811: stderr from /home/espicame/public_html/setup.cgi: script not found or unable to stat
[Sun May 17 05:48:02.221878 2026] [core:error] [pid 443641:tid 443641] [client 199.21.150.105:41752] AH10244: invalid URI path (/cgi-bin/.%2e/.%2e/.%2e/.%2e/.%2e/.%2e/.%2e/.%2e/.%2e/.%2e/bin/sh)
[Sun May 17 05:48:02.608955 2026] [core:error] [pid 443373:tid 443373] [client 199.21.150.105:42870] AH10244: invalid URI path (/cgi-bin/%%32%65%%32%65/%%32%65%%32%65/%%32%65%%32%65/%%32%65%%32%65/%%32%65%%32%65/%%32%65%%32%65/%%32%65%%32%65/bin/sh)
[Sun May 17 05:48:05.849951 2026] [cgi:error] [pid 423827:tid 423827] [client 66.132.195.52:32464] AH02812: stderr from /home/eroberts/public_html/cgi-bin/: attempt to invoke directory as script, referer: https://51.75.182.98:443/cgi-bin
[Sun May 17 05:50:12.929561 2026] [core:error] [pid 423825:tid 423825] [client 107.189.24.77:34002] AH10244: invalid URI path (/cgi-bin/.%2e/.%2e/.%2e/.%2e/.%2e/.%2e/.%2e/.%2e/.%2e/.%2e/bin/sh)
[Sun May 17 06:05:46.121302 2026] [cgi:error] [pid 423827:tid 423827] [client 66.132.224.231:17980] AH02812: stderr from /home/eroberts/public_html/cgi-bin/: attempt to invoke directory as script, referer: https://51.75.182.98:443/cgi-bin
[Sun May 17 06:23:09.989886 2026] [core:error] [pid 443641:tid 443641] [client 47.250.10.30:39226] AH10244: invalid URI path (/cgi-bin/.%2e/.%2e/.%2e/.%2e/.%2e/.%2e/.%2e/.%2e/.%2e/.%2e/bin/sh)
[Sun May 17 06:23:11.952532 2026] [core:error] [pid 423838:tid 423838] [client 47.250.10.30:39234] AH10244: invalid URI path (/cgi-bin/%%32%65%%32%65/%%32%65%%32%65/%%32%65%%32%65/%%32%65%%32%65/%%32%65%%32%65/%%32%65%%32%65/%%32%65%%32%65/bin/sh)
[Sun May 17 06:31:22.416888 2026] [proxy_fcgi:error] [pid 433352:tid 433352] [client 45.135.193.157:52984] AH01071: Got error 'Primary script unknown'
[Sun May 17 06:31:22.676689 2026] [proxy_fcgi:error] [pid 433352:tid 433352] [client 45.135.193.157:52984] AH01071: Got error 'Primary script unknown'
[Sun May 17 06:31:22.809628 2026] [proxy_fcgi:error] [pid 433352:tid 433352] [client 45.135.193.157:52984] AH01071: Got error 'Primary script unknown'
[Sun May 17 07:13:27.159955 2026] [core:error] [pid 443641:tid 443641] [client 101.96.200.105:48478] AH10244: invalid URI path (/cgi-bin/.%2e/.%2e/.%2e/.%2e/.%2e/.%2e/.%2e/.%2e/.%2e/.%2e/bin/sh)
[Sun May 17 07:13:33.412243 2026] [core:error] [pid 428070:tid 428070] [client 101.96.200.105:48492] AH10244: invalid URI path (/cgi-bin/%%32%65%%32%65/%%32%65%%32%65/%%32%65%%32%65/%%32%65%%32%65/%%32%65%%32%65/%%32%65%%32%65/%%32%65%%32%65/bin/sh)
[Sun May 17 07:17:35.419572 2026] [core:crit] [pid 453968:tid 453968] (13)Permission denied: [client 65.49.1.212:20480] AH00529: /home/espicame/public_html/.htaccess pcfg_openfile: unable to check htaccess file, ensure it is readable and that '/home/espicame/public_html/' is executable
[Sun May 17 07:23:03.680079 2026] [core:error] [pid 443641:tid 443641] [client 109.172.55.64:33542] AH10244: invalid URI path (/cgi-bin/.%2e/.%2e/.%2e/.%2e/.%2e/.%2e/.%2e/.%2e/.%2e/.%2e/bin/sh)
[Sun May 17 07:23:03.856614 2026] [core:error] [pid 423825:tid 423825] [client 109.172.55.64:33546] AH10244: invalid URI path (/cgi-bin/%%32%65%%32%65/%%32%65%%32%65/%%32%65%%32%65/%%32%65%%32%65/%%32%65%%32%65/%%32%65%%32%65/%%32%65%%32%65/bin/sh)
[Sun May 17 07:25:34.704298 2026] [proxy_fcgi:error] [pid 453968:tid 453968] [client 50.6.19.187:50418] AH01071: Got error 'Primary script unknown'
[Sun May 17 07:43:04.190002 2026] [proxy_fcgi:error] [pid 423838:tid 423838] [client 62.60.130.235:60158] AH01071: Got error 'Primary script unknown'
[Sun May 17 08:06:41.456518 2026] [proxy_fcgi:error] [pid 433352:tid 433352] [client 34.75.223.112:52624] AH01071: Got error 'Primary script unknown'
[Sun May 17 08:06:41.685695 2026] [proxy_fcgi:error] [pid 433352:tid 433352] [client 34.75.223.112:52624] AH01071: Got error 'Primary script unknown'
[Sun May 17 08:06:41.932662 2026] [proxy_fcgi:error] [pid 433352:tid 433352] [client 34.75.223.112:52624] AH01071: Got error 'Primary script unknown'
[Sun May 17 08:06:42.186270 2026] [proxy_fcgi:error] [pid 433352:tid 433352] [client 34.75.223.112:52624] AH01071: Got error 'Primary script unknown'
[Sun May 17 08:06:42.406324 2026] [proxy_fcgi:error] [pid 433352:tid 433352] [client 34.75.223.112:52624] AH01071: Got error 'Primary script unknown'
[Sun May 17 08:06:42.504093 2026] [proxy_fcgi:error] [pid 433352:tid 433352] [client 34.75.223.112:52624] AH01071: Got error 'Primary script unknown'
[Sun May 17 08:06:42.659746 2026] [proxy_fcgi:error] [pid 433352:tid 433352] [client 34.75.223.112:52624] AH01071: Got error 'Primary script unknown'
[Sun May 17 08:06:42.907876 2026] [proxy_fcgi:error] [pid 433352:tid 433352] [client 34.75.223.112:52624] AH01071: Got error 'Primary script unknown'
[Sun May 17 08:06:43.005497 2026] [proxy_fcgi:error] [pid 433352:tid 433352] [client 34.75.223.112:52624] AH01071: Got error 'Primary script unknown'
[Sun May 17 08:06:44.180942 2026] [proxy_fcgi:error] [pid 433352:tid 433352] [client 34.75.223.112:52624] AH01071: Got error 'Primary script unknown'
[Sun May 17 08:06:44.422108 2026] [proxy_fcgi:error] [pid 433352:tid 433352] [client 34.75.223.112:52624] AH01071: Got error 'Primary script unknown'
[Sun May 17 08:06:44.518500 2026] [proxy_fcgi:error] [pid 433352:tid 433352] [client 34.75.223.112:52624] AH01071: Got error 'Primary script unknown'
[Sun May 17 08:06:44.673833 2026] [proxy_fcgi:error] [pid 433352:tid 433352] [client 34.75.223.112:52624] AH01071: Got error 'Primary script unknown'
[Sun May 17 08:06:44.771715 2026] [proxy_fcgi:error] [pid 433352:tid 433352] [client 34.75.223.112:52624] AH01071: Got error 'Primary script unknown'
[Sun May 17 08:06:44.923779 2026] [proxy_fcgi:error] [pid 433352:tid 433352] [client 34.75.223.112:52624] AH01071: Got error 'Primary script unknown'
[Sun May 17 08:38:50.788012 2026] [proxy_fcgi:error] [pid 423838:tid 423838] [client 45.94.31.119:63332] AH01071: Got error 'Primary script unknown'
[Sun May 17 09:06:52.264635 2026] [proxy_fcgi:error] [pid 428076:tid 428076] [client 45.135.193.156:35132] AH01071: Got error 'Primary script unknown'
[Sun May 17 09:06:52.550082 2026] [proxy_fcgi:error] [pid 428076:tid 428076] [client 45.135.193.156:35132] AH01071: Got error 'Primary script unknown'
[Sun May 17 09:06:52.684986 2026] [proxy_fcgi:error] [pid 428076:tid 428076] [client 45.135.193.156:35132] AH01071: Got error 'Primary script unknown'
[Sun May 17 09:13:49.630580 2026] [proxy_fcgi:error] [pid 443373:tid 443373] [client 34.32.55.27:53730] AH01071: Got error 'Primary script unknown'
[Sun May 17 09:13:49.661107 2026] [proxy_fcgi:error] [pid 443373:tid 443373] [client 34.32.55.27:53730] AH01071: Got error 'Primary script unknown'
[Sun May 17 09:13:49.691594 2026] [proxy_fcgi:error] [pid 443373:tid 443373] [client 34.32.55.27:53730] AH01071: Got error 'Primary script unknown'
[Sun May 17 09:13:49.722777 2026] [proxy_fcgi:error] [pid 443373:tid 443373] [client 34.32.55.27:53730] AH01071: Got error 'Primary script unknown'
[Sun May 17 09:13:49.752867 2026] [proxy_fcgi:error] [pid 443373:tid 443373] [client 34.32.55.27:53730] AH01071: Got error 'Primary script unknown'
[Sun May 17 09:13:49.782974 2026] [proxy_fcgi:error] [pid 443373:tid 443373] [client 34.32.55.27:53730] AH01071: Got error 'Primary script unknown'
[Sun May 17 09:13:49.814787 2026] [proxy_fcgi:error] [pid 443373:tid 443373] [client 34.32.55.27:53730] AH01071: Got error 'Primary script unknown'
[Sun May 17 09:13:49.874709 2026] [proxy_fcgi:error] [pid 443373:tid 443373] [client 34.32.55.27:53730] AH01071: Got error 'Primary script unknown'
[Sun May 17 09:13:49.905324 2026] [proxy_fcgi:error] [pid 443373:tid 443373] [client 34.32.55.27:53730] AH01071: Got error 'Primary script unknown'
[Sun May 17 09:13:50.146096 2026] [proxy_fcgi:error] [pid 443373:tid 443373] [client 34.32.55.27:53730] AH01071: Got error 'Primary script unknown'
[Sun May 17 09:13:50.176436 2026] [proxy_fcgi:error] [pid 443373:tid 443373] [client 34.32.55.27:53730] AH01071: Got error 'Primary script unknown'
[Sun May 17 09:13:50.206209 2026] [proxy_fcgi:error] [pid 443373:tid 443373] [client 34.32.55.27:53730] AH01071: Got error 'Primary script unknown'
[Sun May 17 09:13:50.236652 2026] [proxy_fcgi:error] [pid 443373:tid 443373] [client 34.32.55.27:53730] AH01071: Got error 'Primary script unknown'
[Sun May 17 09:13:50.266363 2026] [proxy_fcgi:error] [pid 443373:tid 443373] [client 34.32.55.27:53730] AH01071: Got error 'Primary script unknown'
[Sun May 17 09:13:50.296996 2026] [proxy_fcgi:error] [pid 443373:tid 443373] [client 34.32.55.27:53730] AH01071: Got error 'Primary script unknown'
[Sun May 17 09:24:14.686171 2026] [proxy_fcgi:error] [pid 454369:tid 454369] [client 167.71.198.58:60658] AH01071: Got error 'Primary script unknown', referer: https://mail.socaljunkpickup.com//blog//wp-login.php
[Sun May 17 09:31:58.122674 2026] [core:error] [pid 423838:tid 423838] [client 46.224.175.215:57928] AH10244: invalid URI path (/cgi-bin/.%2e/.%2e/.%2e/.%2e/.%2e/.%2e/.%2e/.%2e/.%2e/.%2e/bin/sh)
[Sun May 17 09:35:04.849511 2026] [core:crit] [pid 423838:tid 423838] (13)Permission denied: [client 43.157.50.58:48038] AH00529: /home/eroberts/public_html/.htaccess pcfg_openfile: unable to check htaccess file, ensure it is readable and that '/home/eroberts/public_html/' is executable
[Sun May 17 10:00:08.520095 2026] [core:crit] [pid 467454:tid 467454] (13)Permission denied: [client 79.124.40.174:52786] AH00529: /home/espicame/public_html/.htaccess pcfg_openfile: unable to check htaccess file, ensure it is readable and that '/home/espicame/public_html/' is executable
[Sun May 17 10:04:28.866688 2026] [proxy_fcgi:error] [pid 454369:tid 454369] [client 45.135.193.157:25414] AH01071: Got error 'Primary script unknown'
[Sun May 17 10:04:28.982020 2026] [proxy_fcgi:error] [pid 454369:tid 454369] [client 45.135.193.157:25414] AH01071: Got error 'Primary script unknown'
[Sun May 17 10:36:37.276247 2026] [core:crit] [pid 443373:tid 443373] (13)Permission denied: [client 79.124.40.174:59746] AH00529: /home/espica/public_html/.htaccess pcfg_openfile: unable to check htaccess file, ensure it is readable and that '/home/espica/public_html/' is executable
[Sun May 17 10:55:45.312535 2026] [core:crit] [pid 443641:tid 443641] (13)Permission denied: [client 172.105.52.160:54076] AH00529: /home/espica/public_html/.htaccess pcfg_openfile: unable to check htaccess file, ensure it is readable and that '/home/espica/public_html/' is executable
[Sun May 17 10:55:46.247686 2026] [core:crit] [pid 464473:tid 464473] (13)Permission denied: [client 172.105.52.160:54104] AH00529: /home/espica/public_html/.htaccess pcfg_openfile: unable to check htaccess file, ensure it is readable and that '/home/espica/public_html/' is executable
[Sun May 17 11:19:01.892259 2026] [cgi:error] [pid 480471:tid 480471] [client 66.132.172.96:6142] AH02812: stderr from /home/eroberts/public_html/cgi-bin/: attempt to invoke directory as script, referer: https://server.espica.me:443/cgi-bin
[Sun May 17 11:32:17.441937 2026] [core:crit] [pid 480464:tid 480464] (13)Permission denied: [client 69.164.217.245:49432] AH00529: /home/eroberts/public_html/.htaccess pcfg_openfile: unable to check htaccess file, ensure it is readable and that '/home/eroberts/public_html/' is executable
[Sun May 17 11:32:37.605348 2026] [core:crit] [pid 478405:tid 478405] (13)Permission denied: [client 45.33.14.5:57496] AH00529: /home/espicame/public_html/.htaccess pcfg_openfile: unable to check htaccess file, ensure it is readable and that '/home/espicame/public_html/' is executable
[Sun May 17 11:37:52.688432 2026] [core:error] [pid 480471:tid 480471] [client 101.47.16.134:56632] AH10244: invalid URI path (/cgi-bin/.%2e/.%2e/.%2e/.%2e/.%2e/.%2e/.%2e/.%2e/.%2e/.%2e/bin/sh)
[Sun May 17 11:38:00.493477 2026] [core:error] [pid 481857:tid 481857] [client 101.47.16.134:56644] AH10244: invalid URI path (/cgi-bin/%%32%65%%32%65/%%32%65%%32%65/%%32%65%%32%65/%%32%65%%32%65/%%32%65%%32%65/%%32%65%%32%65/%%32%65%%32%65/bin/sh)
[Sun May 17 11:38:34.266776 2026] [proxy_fcgi:error] [pid 433352:tid 433352] [client 101.47.16.134:46158] AH01071: Got error 'Primary script unknown'
[Sun May 17 11:38:35.542101 2026] [proxy_fcgi:error] [pid 433352:tid 433352] [client 101.47.16.134:46158] AH01071: Got error 'Primary script unknown'
[Sun May 17 11:38:36.440435 2026] [proxy_fcgi:error] [pid 433352:tid 433352] [client 101.47.16.134:46158] AH01071: Got error 'Primary script unknown'
[Sun May 17 11:38:58.500372 2026] [core:crit] [pid 467454:tid 467454] (13)Permission denied: [client 36.94.107.25:56218] AH00529: /home/eroberts/public_html/.htaccess pcfg_openfile: unable to check htaccess file, ensure it is readable and that '/home/eroberts/public_html/' is executable
[Sun May 17 11:46:06.650283 2026] [cgi:error] [pid 443641:tid 443641] [client 124.198.131.185:56356] AH02811: stderr from /home/espicame/public_html/vpnupload.cgi: script not found or unable to stat
[Sun May 17 11:50:34.238275 2026] [cgi:error] [pid 481857:tid 481857] [client 124.198.131.185:40474] AH02811: stderr from /var/www/html/vpnupload.cgi: script not found or unable to stat
[Sun May 17 12:10:45.233831 2026] [core:crit] [pid 467454:tid 467454] (13)Permission denied: [client 16.58.56.214:49666] AH00529: /home/eroberts/public_html/.htaccess pcfg_openfile: unable to check htaccess file, ensure it is readable and that '/home/eroberts/public_html/' is executable
[Sun May 17 12:11:37.499001 2026] [core:crit] [pid 443641:tid 443641] (13)Permission denied: [client 16.58.56.214:35728] AH00529: /home/eroberts/public_html/.htaccess pcfg_openfile: unable to check htaccess file, ensure it is readable and that '/home/eroberts/public_html/' is executable
[Sun May 17 12:24:37.161171 2026] [core:crit] [pid 483537:tid 483537] (13)Permission denied: [client 95.215.0.144:56844] AH00529: /home/espicame/public_html/.htaccess pcfg_openfile: unable to check htaccess file, ensure it is readable and that '/home/espicame/public_html/' is executable
[Sun May 17 12:32:33.949886 2026] [core:crit] [pid 480464:tid 480464] (13)Permission denied: [client 18.116.101.220:34222] AH00529: /home/espicame/public_html/.htaccess pcfg_openfile: unable to check htaccess file, ensure it is readable and that '/home/espicame/public_html/' is executable
[Sun May 17 12:32:52.381625 2026] [core:crit] [pid 443641:tid 443641] (13)Permission denied: [client 50.116.26.161:33086] AH00529: /home/espicame/public_html/.htaccess pcfg_openfile: unable to check htaccess file, ensure it is readable and that '/home/espicame/public_html/' is executable
[Sun May 17 12:39:16.788414 2026] [core:error] [pid 433352:tid 433352] [client 161.97.184.127:58916] AH10244: invalid URI path (/cgi-bin/.%2e/.%2e/.%2e/.%2e/.%2e/.%2e/.%2e/.%2e/.%2e/.%2e/bin/sh)
[Sun May 17 12:39:16.915617 2026] [core:error] [pid 481855:tid 481855] [client 161.97.184.127:58918] AH10244: invalid URI path (/cgi-bin/%%32%65%%32%65/%%32%65%%32%65/%%32%65%%32%65/%%32%65%%32%65/%%32%65%%32%65/%%32%65%%32%65/%%32%65%%32%65/bin/sh)
[Sun May 17 12:49:45.718768 2026] [core:crit] [pid 480467:tid 480467] (13)Permission denied: [client 16.58.56.214:60840] AH00529: /home/espica/public_html/.htaccess pcfg_openfile: unable to check htaccess file, ensure it is readable and that '/home/espica/public_html/' is executable
[Sun May 17 12:50:03.964338 2026] [core:crit] [pid 467454:tid 467454] (13)Permission denied: [client 16.58.56.214:35736] AH00529: /home/espica/public_html/.htaccess pcfg_openfile: unable to check htaccess file, ensure it is readable and that '/home/espica/public_html/' is executable
[Sun May 17 13:06:53.270992 2026] [core:crit] [pid 498880:tid 498880] (13)Permission denied: [client 18.116.101.220:36366] AH00529: /home/espicame/public_html/.htaccess pcfg_openfile: unable to check htaccess file, ensure it is readable and that '/home/espicame/public_html/' is executable
[Sun May 17 13:07:15.512787 2026] [core:crit] [pid 483537:tid 483537] (13)Permission denied: [client 18.116.101.220:59696] AH00529: /home/espicame/public_html/.htaccess pcfg_openfile: unable to check htaccess file, ensure it is readable and that '/home/espicame/public_html/' is executable
[Sun May 17 13:23:55.375038 2026] [core:crit] [pid 498874:tid 498874] (13)Permission denied: [client 194.187.176.251:20560] AH00529: /home/espicame/public_html/.htaccess pcfg_openfile: unable to check htaccess file, ensure it is readable and that '/home/espicame/public_html/' is executable
[Sun May 17 13:23:55.438012 2026] [core:crit] [pid 498879:tid 498879] (13)Permission denied: [client 194.187.176.4:20570] AH00529: /home/espicame/public_html/.htaccess pcfg_openfile: unable to check htaccess file, ensure it is readable and that '/home/espicame/public_html/' is executable
[Sun May 17 13:30:23.801348 2026] [core:crit] [pid 481855:tid 481855] (13)Permission denied: [client 194.187.176.168:27438] AH00529: /home/espica/public_html/.htaccess pcfg_openfile: unable to check htaccess file, ensure it is readable and that '/home/espica/public_html/' is executable
[Sun May 17 13:30:23.866768 2026] [core:crit] [pid 489346:tid 489346] (13)Permission denied: [client 194.187.176.41:27448] AH00529: /home/espica/public_html/.htaccess pcfg_openfile: unable to check htaccess file, ensure it is readable and that '/home/espica/public_html/' is executable
[Sun May 17 13:36:20.634824 2026] [core:crit] [pid 498881:tid 498881] (13)Permission denied: [client 173.255.221.189:47943] AH00529: /home/espicame/public_html/.htaccess pcfg_openfile: unable to check htaccess file, ensure it is readable and that '/home/espicame/public_html/' is executable
[Sun May 17 13:52:33.432254 2026] [core:crit] [pid 498880:tid 498880] (13)Permission denied: [client 16.58.56.214:43574] AH00529: /home/espicame/public_html/.htaccess pcfg_openfile: unable to check htaccess file, ensure it is readable and that '/home/espicame/public_html/' is executable
[Sun May 17 13:53:06.510485 2026] [core:crit] [pid 483537:tid 483537] (13)Permission denied: [client 16.58.56.214:40546] AH00529: /home/espicame/public_html/.htaccess pcfg_openfile: unable to check htaccess file, ensure it is readable and that '/home/espicame/public_html/' is executable
[Sun May 17 13:53:33.026267 2026] [proxy_fcgi:error] [pid 480467:tid 480467] [client 20.226.33.48:8139] AH01071: Got error 'Primary script unknown'
[Sun May 17 13:53:33.291848 2026] [proxy_fcgi:error] [pid 480467:tid 480467] [client 20.226.33.48:8139] AH01071: Got error 'Primary script unknown'
[Sun May 17 13:53:33.493477 2026] [proxy_fcgi:error] [pid 480467:tid 480467] [client 20.226.33.48:8139] AH01071: Got error 'Primary script unknown'
[Sun May 17 13:53:33.848673 2026] [proxy_fcgi:error] [pid 480467:tid 480467] [client 20.226.33.48:8139] AH01071: Got error 'Primary script unknown'
[Sun May 17 13:53:34.140206 2026] [proxy_fcgi:error] [pid 480467:tid 480467] [client 20.226.33.48:8139] AH01071: Got error 'Primary script unknown'
[Sun May 17 13:53:34.341451 2026] [proxy_fcgi:error] [pid 480467:tid 480467] [client 20.226.33.48:8139] AH01071: Got error 'Primary script unknown'
[Sun May 17 13:53:34.545929 2026] [proxy_fcgi:error] [pid 480467:tid 480467] [client 20.226.33.48:8139] AH01071: Got error 'Primary script unknown'
[Sun May 17 13:53:34.965884 2026] [proxy_fcgi:error] [pid 480467:tid 480467] [client 20.226.33.48:8139] AH01071: Got error 'Primary script unknown'
[Sun May 17 13:53:35.248379 2026] [proxy_fcgi:error] [pid 480467:tid 480467] [client 20.226.33.48:8139] AH01071: Got error 'Primary script unknown'
[Sun May 17 13:53:36.589038 2026] [proxy_fcgi:error] [pid 498876:tid 498876] [client 20.226.33.48:8267] AH01071: Got error 'Primary script unknown'
[Sun May 17 13:53:36.820114 2026] [proxy_fcgi:error] [pid 498876:tid 498876] [client 20.226.33.48:8267] AH01071: Got error 'Primary script unknown'
[Sun May 17 13:53:37.363036 2026] [proxy_fcgi:error] [pid 498876:tid 498876] [client 20.226.33.48:8267] AH01071: Got error 'Primary script unknown'
[Sun May 17 13:53:37.567464 2026] [proxy_fcgi:error] [pid 498876:tid 498876] [client 20.226.33.48:8267] AH01071: Got error 'Primary script unknown'
[Sun May 17 13:53:37.826828 2026] [proxy_fcgi:error] [pid 498876:tid 498876] [client 20.226.33.48:8267] AH01071: Got error 'Primary script unknown'
[Sun May 17 13:53:38.030620 2026] [proxy_fcgi:error] [pid 498876:tid 498876] [client 20.226.33.48:8267] AH01071: Got error 'Primary script unknown'
[Sun May 17 13:53:38.350112 2026] [proxy_fcgi:error] [pid 498876:tid 498876] [client 20.226.33.48:8267] AH01071: Got error 'Primary script unknown'
[Sun May 17 13:53:38.629370 2026] [proxy_fcgi:error] [pid 498876:tid 498876] [client 20.226.33.48:8267] AH01071: Got error 'Primary script unknown'
[Sun May 17 13:53:38.834677 2026] [proxy_fcgi:error] [pid 498876:tid 498876] [client 20.226.33.48:8267] AH01071: Got error 'Primary script unknown'
[Sun May 17 13:53:39.039490 2026] [proxy_fcgi:error] [pid 498876:tid 498876] [client 20.226.33.48:8267] AH01071: Got error 'Primary script unknown'
[Sun May 17 13:53:39.244641 2026] [proxy_fcgi:error] [pid 498876:tid 498876] [client 20.226.33.48:8267] AH01071: Got error 'Primary script unknown'
[Sun May 17 13:53:39.448566 2026] [proxy_fcgi:error] [pid 498876:tid 498876] [client 20.226.33.48:8267] AH01071: Got error 'Primary script unknown'
[Sun May 17 13:53:48.216063 2026] [proxy_fcgi:error] [pid 481855:tid 481855] [client 20.226.33.48:11688] AH01071: Got error 'Primary script unknown'
[Sun May 17 13:53:48.428170 2026] [proxy_fcgi:error] [pid 481855:tid 481855] [client 20.226.33.48:11688] AH01071: Got error 'Primary script unknown'
[Sun May 17 13:53:48.720129 2026] [proxy_fcgi:error] [pid 481855:tid 481855] [client 20.226.33.48:11688] AH01071: Got error 'Primary script unknown'
[Sun May 17 13:53:48.930363 2026] [proxy_fcgi:error] [pid 481855:tid 481855] [client 20.226.33.48:11688] AH01071: Got error 'Primary script unknown'
[Sun May 17 13:53:49.170973 2026] [proxy_fcgi:error] [pid 481855:tid 481855] [client 20.226.33.48:11688] AH01071: Got error 'Primary script unknown'
[Sun May 17 13:53:49.380818 2026] [proxy_fcgi:error] [pid 481855:tid 481855] [client 20.226.33.48:11688] AH01071: Got error 'Primary script unknown'
[Sun May 17 13:53:49.649329 2026] [proxy_fcgi:error] [pid 481855:tid 481855] [client 20.226.33.48:11688] AH01071: Got error 'Primary script unknown'
[Sun May 17 13:53:49.859516 2026] [proxy_fcgi:error] [pid 481855:tid 481855] [client 20.226.33.48:11688] AH01071: Got error 'Primary script unknown'
[Sun May 17 13:53:50.196663 2026] [proxy_fcgi:error] [pid 481855:tid 481855] [client 20.226.33.48:11688] AH01071: Got error 'Primary script unknown'
[Sun May 17 13:53:50.430638 2026] [proxy_fcgi:error] [pid 481855:tid 481855] [client 20.226.33.48:11688] AH01071: Got error 'Primary script unknown'
[Sun May 17 13:53:50.641479 2026] [proxy_fcgi:error] [pid 481855:tid 481855] [client 20.226.33.48:11688] AH01071: Got error 'Primary script unknown'
[Sun May 17 13:53:50.852004 2026] [proxy_fcgi:error] [pid 481855:tid 481855] [client 20.226.33.48:11688] AH01071: Got error 'Primary script unknown'
[Sun May 17 13:53:51.103573 2026] [proxy_fcgi:error] [pid 481855:tid 481855] [client 20.226.33.48:11688] AH01071: Got error 'Primary script unknown'
[Sun May 17 13:53:51.314051 2026] [proxy_fcgi:error] [pid 481855:tid 481855] [client 20.226.33.48:11688] AH01071: Got error 'Primary script unknown'
[Sun May 17 13:53:51.529410 2026] [proxy_fcgi:error] [pid 481855:tid 481855] [client 20.226.33.48:11688] AH01071: Got error 'Primary script unknown'
[Sun May 17 13:53:52.209591 2026] [proxy_fcgi:error] [pid 481855:tid 481855] [client 20.226.33.48:11688] AH01071: Got error 'Primary script unknown'
[Sun May 17 13:53:52.419915 2026] [proxy_fcgi:error] [pid 481855:tid 481855] [client 20.226.33.48:11688] AH01071: Got error 'Primary script unknown'
[Sun May 17 13:53:52.634913 2026] [proxy_fcgi:error] [pid 481855:tid 481855] [client 20.226.33.48:11688] AH01071: Got error 'Primary script unknown'
[Sun May 17 13:53:52.858026 2026] [proxy_fcgi:error] [pid 481855:tid 481855] [client 20.226.33.48:11688] AH01071: Got error 'Primary script unknown'
[Sun May 17 13:53:53.067870 2026] [proxy_fcgi:error] [pid 481855:tid 481855] [client 20.226.33.48:11688] AH01071: Got error 'Primary script unknown'
[Sun May 17 13:53:53.291606 2026] [proxy_fcgi:error] [pid 481855:tid 481855] [client 20.226.33.48:11688] AH01071: Got error 'Primary script unknown'
[Sun May 17 13:53:53.712335 2026] [proxy_fcgi:error] [pid 481855:tid 481855] [client 20.226.33.48:11688] AH01071: Got error 'Primary script unknown'
[Sun May 17 13:53:53.989088 2026] [proxy_fcgi:error] [pid 481855:tid 481855] [client 20.226.33.48:11688] AH01071: Got error 'Primary script unknown'
[Sun May 17 13:53:54.203698 2026] [proxy_fcgi:error] [pid 481855:tid 481855] [client 20.226.33.48:11688] AH01071: Got error 'Primary script unknown'
[Sun May 17 13:53:57.547369 2026] [proxy_fcgi:error] [pid 498881:tid 498881] [client 20.226.33.48:11665] AH01071: Got error 'Primary script unknown'
[Sun May 17 13:53:57.790882 2026] [proxy_fcgi:error] [pid 498881:tid 498881] [client 20.226.33.48:11665] AH01071: Got error 'Primary script unknown'
[Sun May 17 13:53:57.992377 2026] [proxy_fcgi:error] [pid 498881:tid 498881] [client 20.226.33.48:11665] AH01071: Got error 'Primary script unknown'
[Sun May 17 13:53:58.291863 2026] [proxy_fcgi:error] [pid 498881:tid 498881] [client 20.226.33.48:11665] AH01071: Got error 'Primary script unknown'
[Sun May 17 13:53:58.512572 2026] [proxy_fcgi:error] [pid 498881:tid 498881] [client 20.226.33.48:11665] AH01071: Got error 'Primary script unknown'
[Sun May 17 13:53:58.835497 2026] [proxy_fcgi:error] [pid 498881:tid 498881] [client 20.226.33.48:11665] AH01071: Got error 'Primary script unknown'
[Sun May 17 13:53:59.203295 2026] [proxy_fcgi:error] [pid 498881:tid 498881] [client 20.226.33.48:11665] AH01071: Got error 'Primary script unknown'
[Sun May 17 13:53:59.457536 2026] [proxy_fcgi:error] [pid 498881:tid 498881] [client 20.226.33.48:11665] AH01071: Got error 'Primary script unknown'
[Sun May 17 13:53:59.661195 2026] [proxy_fcgi:error] [pid 498881:tid 498881] [client 20.226.33.48:11665] AH01071: Got error 'Primary script unknown'
[Sun May 17 13:53:59.865693 2026] [proxy_fcgi:error] [pid 498881:tid 498881] [client 20.226.33.48:11665] AH01071: Got error 'Primary script unknown'
[Sun May 17 13:54:00.180681 2026] [proxy_fcgi:error] [pid 498881:tid 498881] [client 20.226.33.48:11665] AH01071: Got error 'Primary script unknown'
[Sun May 17 13:54:00.382876 2026] [proxy_fcgi:error] [pid 498881:tid 498881] [client 20.226.33.48:11665] AH01071: Got error 'Primary script unknown'
[Sun May 17 13:54:00.587501 2026] [proxy_fcgi:error] [pid 498881:tid 498881] [client 20.226.33.48:11665] AH01071: Got error 'Primary script unknown'
[Sun May 17 13:54:00.791088 2026] [proxy_fcgi:error] [pid 498881:tid 498881] [client 20.226.33.48:11665] AH01071: Got error 'Primary script unknown'
[Sun May 17 13:54:00.998292 2026] [proxy_fcgi:error] [pid 498881:tid 498881] [client 20.226.33.48:11665] AH01071: Got error 'Primary script unknown'
[Sun May 17 13:54:01.300068 2026] [proxy_fcgi:error] [pid 498881:tid 498881] [client 20.226.33.48:11665] AH01071: Got error 'Primary script unknown'
[Sun May 17 13:54:01.530484 2026] [proxy_fcgi:error] [pid 498881:tid 498881] [client 20.226.33.48:11665] AH01071: Got error 'Primary script unknown'
[Sun May 17 13:54:01.736421 2026] [proxy_fcgi:error] [pid 498881:tid 498881] [client 20.226.33.48:11665] AH01071: Got error 'Primary script unknown'
[Sun May 17 13:54:01.941462 2026] [proxy_fcgi:error] [pid 498881:tid 498881] [client 20.226.33.48:11665] AH01071: Got error 'Primary script unknown'
[Sun May 17 13:54:02.272083 2026] [proxy_fcgi:error] [pid 498881:tid 498881] [client 20.226.33.48:11665] AH01071: Got error 'Primary script unknown'
[Sun May 17 13:54:02.474849 2026] [proxy_fcgi:error] [pid 498881:tid 498881] [client 20.226.33.48:11665] AH01071: Got error 'Primary script unknown'
[Sun May 17 13:54:02.755472 2026] [proxy_fcgi:error] [pid 498881:tid 498881] [client 20.226.33.48:11665] AH01071: Got error 'Primary script unknown'
[Sun May 17 13:54:02.960477 2026] [proxy_fcgi:error] [pid 498881:tid 498881] [client 20.226.33.48:11665] AH01071: Got error 'Primary script unknown'
[Sun May 17 13:54:03.230354 2026] [proxy_fcgi:error] [pid 498881:tid 498881] [client 20.226.33.48:11665] AH01071: Got error 'Primary script unknown'
[Sun May 17 13:54:03.483887 2026] [proxy_fcgi:error] [pid 498881:tid 498881] [client 20.226.33.48:11665] AH01071: Got error 'Primary script unknown'
[Sun May 17 13:54:03.740504 2026] [proxy_fcgi:error] [pid 498881:tid 498881] [client 20.226.33.48:11665] AH01071: Got error 'Primary script unknown'
[Sun May 17 13:54:04.054112 2026] [proxy_fcgi:error] [pid 498881:tid 498881] [client 20.226.33.48:11665] AH01071: Got error 'Primary script unknown'
[Sun May 17 13:54:04.492981 2026] [proxy_fcgi:error] [pid 498881:tid 498881] [client 20.226.33.48:11665] AH01071: Got error 'Primary script unknown'
[Sun May 17 13:54:04.702779 2026] [proxy_fcgi:error] [pid 498881:tid 498881] [client 20.226.33.48:11665] AH01071: Got error 'Primary script unknown'
[Sun May 17 13:54:04.906551 2026] [proxy_fcgi:error] [pid 498881:tid 498881] [client 20.226.33.48:11665] AH01071: Got error 'Primary script unknown'
[Sun May 17 13:54:05.189837 2026] [proxy_fcgi:error] [pid 498881:tid 498881] [client 20.226.33.48:11665] AH01071: Got error 'Primary script unknown'
[Sun May 17 13:54:05.452954 2026] [proxy_fcgi:error] [pid 498881:tid 498881] [client 20.226.33.48:11665] AH01071: Got error 'Primary script unknown'
[Sun May 17 13:54:05.654679 2026] [proxy_fcgi:error] [pid 498881:tid 498881] [client 20.226.33.48:11665] AH01071: Got error 'Primary script unknown'
[Sun May 17 14:00:19.920419 2026] [proxy_fcgi:error] [pid 481855:tid 481855] [client 45.135.193.156:55138] AH01071: Got error 'Primary script unknown'
[Sun May 17 14:00:20.062211 2026] [proxy_fcgi:error] [pid 481855:tid 481855] [client 45.135.193.156:55138] AH01071: Got error 'Primary script unknown'
[Sun May 17 14:05:31.472050 2026] [core:crit] [pid 498881:tid 498881] (13)Permission denied: [client 194.187.176.34:60076] AH00529: /home/eroberts/public_html/.htaccess pcfg_openfile: unable to check htaccess file, ensure it is readable and that '/home/eroberts/public_html/' is executable
[Sun May 17 14:05:31.517018 2026] [core:crit] [pid 480467:tid 480467] (13)Permission denied: [client 194.187.176.98:60086] AH00529: /home/eroberts/public_html/.htaccess pcfg_openfile: unable to check htaccess file, ensure it is readable and that '/home/eroberts/public_html/' is executable
[Sun May 17 14:13:35.073054 2026] [core:crit] [pid 498874:tid 498874] (13)Permission denied: [client 43.134.224.16:40490] AH00529: /home/eroberts/public_html/.htaccess pcfg_openfile: unable to check htaccess file, ensure it is readable and that '/home/eroberts/public_html/' is executable
[Sun May 17 14:19:34.342263 2026] [core:crit] [pid 489346:tid 489346] (13)Permission denied: [client 16.58.56.214:52476] AH00529: /home/espicame/public_html/.htaccess pcfg_openfile: unable to check htaccess file, ensure it is readable and that '/home/espicame/public_html/' is executable
[Sun May 17 14:21:13.144157 2026] [core:crit] [pid 498879:tid 498879] (13)Permission denied: [client 16.58.56.214:36038] AH00529: /home/espicame/public_html/.htaccess pcfg_openfile: unable to check htaccess file, ensure it is readable and that '/home/espicame/public_html/' is executable
[Sun May 17 14:21:32.928708 2026] [core:crit] [pid 489346:tid 489346] (13)Permission denied: [client 16.58.56.214:48168] AH00529: /home/espicame/public_html/.htaccess pcfg_openfile: unable to check htaccess file, ensure it is readable and that '/home/espicame/public_html/' is executable
[Sun May 17 14:23:15.208395 2026] [core:crit] [pid 498876:tid 498876] (13)Permission denied: [client 16.58.56.214:59018] AH00529: /home/espica/public_html/.htaccess pcfg_openfile: unable to check htaccess file, ensure it is readable and that '/home/espica/public_html/' is executable
[Sun May 17 14:23:30.557903 2026] [core:crit] [pid 481855:tid 481855] (13)Permission denied: [client 16.58.56.214:38684] AH00529: /home/espica/public_html/.htaccess pcfg_openfile: unable to check htaccess file, ensure it is readable and that '/home/espica/public_html/' is executable
[Sun May 17 14:26:15.092647 2026] [core:crit] [pid 489346:tid 489346] (13)Permission denied: [client 16.58.56.214:51444] AH00529: /home/espica/public_html/.htaccess pcfg_openfile: unable to check htaccess file, ensure it is readable and that '/home/espica/public_html/' is executable
[Sun May 17 14:39:58.243759 2026] [core:crit] [pid 481855:tid 481855] (13)Permission denied: [client 45.79.115.59:37593] AH00529: /home/espica/public_html/.htaccess pcfg_openfile: unable to check htaccess file, ensure it is readable and that '/home/espica/public_html/' is executable
[Sun May 17 14:40:27.352621 2026] [core:crit] [pid 498880:tid 498880] (13)Permission denied: [client 45.79.207.129:36021] AH00529: /home/espicame/public_html/.htaccess pcfg_openfile: unable to check htaccess file, ensure it is readable and that '/home/espicame/public_html/' is executable
[Sun May 17 14:42:24.381699 2026] [proxy_fcgi:error] [pid 467260:tid 467260] [client 77.90.185.230:6362] AH01071: Got error 'Primary script unknown'
[Sun May 17 14:42:24.384478 2026] [proxy_fcgi:error] [pid 483537:tid 483537] [client 77.90.185.230:6374] AH01071: Got error 'Primary script unknown'
[Sun May 17 14:42:24.834245 2026] [proxy_fcgi:error] [pid 481855:tid 481855] [client 77.90.185.230:39384] AH01071: Got error 'Primary script unknown'
[Sun May 17 14:42:24.890555 2026] [proxy_fcgi:error] [pid 467260:tid 467260] [client 77.90.185.230:6362] AH01071: Got error 'Primary script unknown'
[Sun May 17 14:42:24.891872 2026] [proxy_fcgi:error] [pid 483537:tid 483537] [client 77.90.185.230:6374] AH01071: Got error 'Primary script unknown'
[Sun May 17 14:42:26.800718 2026] [proxy_fcgi:error] [pid 483537:tid 483537] [client 77.90.185.230:6374] AH01071: Got error 'Primary script unknown'
[Sun May 17 14:42:26.800938 2026] [proxy_fcgi:error] [pid 467260:tid 467260] [client 77.90.185.230:6362] AH01071: Got error 'Primary script unknown'
[Sun May 17 14:42:28.539431 2026] [proxy_fcgi:error] [pid 481855:tid 481855] [client 77.90.185.230:39384] AH01071: Got error 'Primary script unknown'
[Sun May 17 14:42:29.160956 2026] [proxy_fcgi:error] [pid 481855:tid 481855] [client 77.90.185.230:39384] AH01071: Got error 'Primary script unknown'
[Sun May 17 14:42:40.139394 2026] [core:error] [pid 483537:tid 483537] [client 38.64.63.111:52628] AH10244: invalid URI path (/cgi-bin/.%2e/.%2e/.%2e/.%2e/.%2e/.%2e/.%2e/.%2e/.%2e/.%2e/bin/sh)
[Sun May 17 14:42:40.469620 2026] [core:error] [pid 481855:tid 481855] [client 38.64.63.111:46676] AH10244: invalid URI path (/cgi-bin/%%32%65%%32%65/%%32%65%%32%65/%%32%65%%32%65/%%32%65%%32%65/%%32%65%%32%65/%%32%65%%32%65/%%32%65%%32%65/bin/sh)
[Sun May 17 14:42:57.131942 2026] [proxy_fcgi:error] [pid 480467:tid 480467] [client 38.64.63.111:59834] AH01071: Got error 'Primary script unknown'
[Sun May 17 14:42:57.465818 2026] [proxy_fcgi:error] [pid 480467:tid 480467] [client 38.64.63.111:59834] AH01071: Got error 'Primary script unknown'
[Sun May 17 14:42:58.440867 2026] [proxy_fcgi:error] [pid 480467:tid 480467] [client 38.64.63.111:59834] AH01071: Got error 'Primary script unknown'
[Sun May 17 14:52:40.071594 2026] [proxy_fcgi:error] [pid 498880:tid 498880] [client 20.226.33.48:23552] AH01071: Got error 'Primary script unknown'
[Sun May 17 14:52:40.288460 2026] [proxy_fcgi:error] [pid 498880:tid 498880] [client 20.226.33.48:23552] AH01071: Got error 'Primary script unknown'
[Sun May 17 14:52:40.558666 2026] [proxy_fcgi:error] [pid 498880:tid 498880] [client 20.226.33.48:23552] AH01071: Got error 'Primary script unknown'
[Sun May 17 14:52:40.777146 2026] [proxy_fcgi:error] [pid 498880:tid 498880] [client 20.226.33.48:23552] AH01071: Got error 'Primary script unknown'
[Sun May 17 14:52:41.136923 2026] [proxy_fcgi:error] [pid 498880:tid 498880] [client 20.226.33.48:23552] AH01071: Got error 'Primary script unknown'
[Sun May 17 14:52:41.345075 2026] [proxy_fcgi:error] [pid 498880:tid 498880] [client 20.226.33.48:23552] AH01071: Got error 'Primary script unknown'
[Sun May 17 14:52:41.551327 2026] [proxy_fcgi:error] [pid 498880:tid 498880] [client 20.226.33.48:23552] AH01071: Got error 'Primary script unknown'
[Sun May 17 14:52:42.022860 2026] [proxy_fcgi:error] [pid 498880:tid 498880] [client 20.226.33.48:23552] AH01071: Got error 'Primary script unknown'
[Sun May 17 14:52:42.235055 2026] [proxy_fcgi:error] [pid 498880:tid 498880] [client 20.226.33.48:23552] AH01071: Got error 'Primary script unknown'
[Sun May 17 14:52:49.360300 2026] [proxy_fcgi:error] [pid 498880:tid 498880] [client 20.226.33.48:23497] AH01071: Got error 'Primary script unknown'
[Sun May 17 14:52:49.566472 2026] [proxy_fcgi:error] [pid 498880:tid 498880] [client 20.226.33.48:23497] AH01071: Got error 'Primary script unknown'
[Sun May 17 14:52:50.077642 2026] [proxy_fcgi:error] [pid 498880:tid 498880] [client 20.226.33.48:23497] AH01071: Got error 'Primary script unknown'
[Sun May 17 14:52:50.366309 2026] [proxy_fcgi:error] [pid 498880:tid 498880] [client 20.226.33.48:23497] AH01071: Got error 'Primary script unknown'
[Sun May 17 14:52:50.658113 2026] [proxy_fcgi:error] [pid 498880:tid 498880] [client 20.226.33.48:23497] AH01071: Got error 'Primary script unknown'
[Sun May 17 14:52:50.889938 2026] [proxy_fcgi:error] [pid 498880:tid 498880] [client 20.226.33.48:23497] AH01071: Got error 'Primary script unknown'
[Sun May 17 14:52:51.101629 2026] [proxy_fcgi:error] [pid 498880:tid 498880] [client 20.226.33.48:23497] AH01071: Got error 'Primary script unknown'
[Sun May 17 14:52:51.308442 2026] [proxy_fcgi:error] [pid 498880:tid 498880] [client 20.226.33.48:23497] AH01071: Got error 'Primary script unknown'
[Sun May 17 14:52:51.529267 2026] [proxy_fcgi:error] [pid 498880:tid 498880] [client 20.226.33.48:23497] AH01071: Got error 'Primary script unknown'
[Sun May 17 14:52:51.804519 2026] [proxy_fcgi:error] [pid 498880:tid 498880] [client 20.226.33.48:23497] AH01071: Got error 'Primary script unknown'
[Sun May 17 14:52:52.019562 2026] [proxy_fcgi:error] [pid 498880:tid 498880] [client 20.226.33.48:23497] AH01071: Got error 'Primary script unknown'
[Sun May 17 14:52:52.232006 2026] [proxy_fcgi:error] [pid 498880:tid 498880] [client 20.226.33.48:23497] AH01071: Got error 'Primary script unknown'
[Sun May 17 14:52:53.658654 2026] [proxy_fcgi:error] [pid 483537:tid 483537] [client 20.226.33.48:4104] AH01071: Got error 'Primary script unknown'
[Sun May 17 14:52:53.965081 2026] [proxy_fcgi:error] [pid 483537:tid 483537] [client 20.226.33.48:4104] AH01071: Got error 'Primary script unknown'
[Sun May 17 14:52:54.168699 2026] [proxy_fcgi:error] [pid 483537:tid 483537] [client 20.226.33.48:4104] AH01071: Got error 'Primary script unknown'
[Sun May 17 14:52:54.463327 2026] [proxy_fcgi:error] [pid 483537:tid 483537] [client 20.226.33.48:4104] AH01071: Got error 'Primary script unknown'
[Sun May 17 14:52:54.666812 2026] [proxy_fcgi:error] [pid 483537:tid 483537] [client 20.226.33.48:4104] AH01071: Got error 'Primary script unknown'
[Sun May 17 14:52:55.064710 2026] [proxy_fcgi:error] [pid 483537:tid 483537] [client 20.226.33.48:4104] AH01071: Got error 'Primary script unknown'
[Sun May 17 14:52:55.268610 2026] [proxy_fcgi:error] [pid 483537:tid 483537] [client 20.226.33.48:4104] AH01071: Got error 'Primary script unknown'
[Sun May 17 14:52:55.583752 2026] [proxy_fcgi:error] [pid 483537:tid 483537] [client 20.226.33.48:4104] AH01071: Got error 'Primary script unknown'
[Sun May 17 14:52:55.805890 2026] [proxy_fcgi:error] [pid 483537:tid 483537] [client 20.226.33.48:4104] AH01071: Got error 'Primary script unknown'
[Sun May 17 14:52:56.110849 2026] [proxy_fcgi:error] [pid 483537:tid 483537] [client 20.226.33.48:4104] AH01071: Got error 'Primary script unknown'
[Sun May 17 14:52:56.368594 2026] [proxy_fcgi:error] [pid 483537:tid 483537] [client 20.226.33.48:4104] AH01071: Got error 'Primary script unknown'
[Sun May 17 14:52:56.619052 2026] [proxy_fcgi:error] [pid 483537:tid 483537] [client 20.226.33.48:4104] AH01071: Got error 'Primary script unknown'
[Sun May 17 14:52:56.824893 2026] [proxy_fcgi:error] [pid 483537:tid 483537] [client 20.226.33.48:4104] AH01071: Got error 'Primary script unknown'
[Sun May 17 14:52:57.028321 2026] [proxy_fcgi:error] [pid 483537:tid 483537] [client 20.226.33.48:4104] AH01071: Got error 'Primary script unknown'
[Sun May 17 14:52:57.362314 2026] [proxy_fcgi:error] [pid 483537:tid 483537] [client 20.226.33.48:4104] AH01071: Got error 'Primary script unknown'
[Sun May 17 14:52:58.029593 2026] [proxy_fcgi:error] [pid 483537:tid 483537] [client 20.226.33.48:4104] AH01071: Got error 'Primary script unknown'
[Sun May 17 14:52:58.238658 2026] [proxy_fcgi:error] [pid 483537:tid 483537] [client 20.226.33.48:4104] AH01071: Got error 'Primary script unknown'
[Sun May 17 14:52:58.451589 2026] [proxy_fcgi:error] [pid 483537:tid 483537] [client 20.226.33.48:4104] AH01071: Got error 'Primary script unknown'
[Sun May 17 14:52:58.726752 2026] [proxy_fcgi:error] [pid 483537:tid 483537] [client 20.226.33.48:4104] AH01071: Got error 'Primary script unknown'
[Sun May 17 14:52:59.085686 2026] [proxy_fcgi:error] [pid 483537:tid 483537] [client 20.226.33.48:4104] AH01071: Got error 'Primary script unknown'
[Sun May 17 14:52:59.437512 2026] [proxy_fcgi:error] [pid 483537:tid 483537] [client 20.226.33.48:4104] AH01071: Got error 'Primary script unknown'
[Sun May 17 14:52:59.871110 2026] [proxy_fcgi:error] [pid 483537:tid 483537] [client 20.226.33.48:4104] AH01071: Got error 'Primary script unknown'
[Sun May 17 14:53:00.077929 2026] [proxy_fcgi:error] [pid 483537:tid 483537] [client 20.226.33.48:4104] AH01071: Got error 'Primary script unknown'
[Sun May 17 14:53:00.281407 2026] [proxy_fcgi:error] [pid 483537:tid 483537] [client 20.226.33.48:4104] AH01071: Got error 'Primary script unknown'
