[Fri May 15 23:00:03.670029 2026] [core:crit] [pid 247098:tid 247098] (13)Permission denied: [client 8.134.9.15:40086] AH00529: /home/eroberts/public_html/.htaccess pcfg_openfile: unable to check htaccess file, ensure it is readable and that '/home/eroberts/public_html/' is executable
[Fri May 15 23:00:04.051561 2026] [core:crit] [pid 246052:tid 246052] (13)Permission denied: [client 8.134.9.15:40090] AH00529: /home/eroberts/public_html/.htaccess pcfg_openfile: unable to check htaccess file, ensure it is readable and that '/home/eroberts/public_html/' is executable
[Fri May 15 23:00:04.432207 2026] [core:crit] [pid 225444:tid 225444] (13)Permission denied: [client 8.134.9.15:40102] AH00529: /home/eroberts/public_html/.htaccess pcfg_openfile: unable to check htaccess file, ensure it is readable and that '/home/eroberts/public_html/' is executable
[Fri May 15 23:00:04.854512 2026] [core:crit] [pid 227827:tid 227827] (13)Permission denied: [client 8.134.9.15:40118] AH00529: /home/eroberts/public_html/.htaccess pcfg_openfile: unable to check htaccess file, ensure it is readable and that '/home/eroberts/public_html/' is executable
[Fri May 15 23:00:05.252744 2026] [core:crit] [pid 239989:tid 239989] (13)Permission denied: [client 8.134.9.15:40128] AH00529: /home/eroberts/public_html/.htaccess pcfg_openfile: unable to check htaccess file, ensure it is readable and that '/home/eroberts/public_html/' is executable
[Fri May 15 23:00:05.671889 2026] [core:crit] [pid 246049:tid 246049] (13)Permission denied: [client 8.134.9.15:40136] AH00529: /home/eroberts/public_html/.htaccess pcfg_openfile: unable to check htaccess file, ensure it is readable and that '/home/eroberts/public_html/' is executable
[Fri May 15 23:00:06.049474 2026] [core:crit] [pid 238810:tid 238810] (13)Permission denied: [client 8.134.9.15:40138] AH00529: /home/eroberts/public_html/.htaccess pcfg_openfile: unable to check htaccess file, ensure it is readable and that '/home/eroberts/public_html/' is executable
[Fri May 15 23:00:06.429364 2026] [core:crit] [pid 228731:tid 228731] (13)Permission denied: [client 8.134.9.15:40154] AH00529: /home/eroberts/public_html/.htaccess pcfg_openfile: unable to check htaccess file, ensure it is readable and that '/home/eroberts/public_html/' is executable
[Fri May 15 23:00:06.799903 2026] [core:crit] [pid 239989:tid 239989] (13)Permission denied: [client 8.134.9.15:40168] AH00529: /home/eroberts/public_html/.htaccess pcfg_openfile: unable to check htaccess file, ensure it is readable and that '/home/eroberts/public_html/' is executable
[Fri May 15 23:00:08.219611 2026] [core:crit] [pid 228731:tid 228731] (13)Permission denied: [client 8.134.9.15:40176] AH00529: /home/eroberts/public_html/.htaccess pcfg_openfile: unable to check htaccess file, ensure it is readable and that '/home/eroberts/public_html/' is executable
[Fri May 15 23:00:08.640858 2026] [core:crit] [pid 227827:tid 227827] (13)Permission denied: [client 8.134.9.15:40182] AH00529: /home/eroberts/public_html/.htaccess pcfg_openfile: unable to check htaccess file, ensure it is readable and that '/home/eroberts/public_html/' is executable
[Fri May 15 23:03:34.519598 2026] [core:crit] [pid 252558:tid 252558] (13)Permission denied: [client 20.163.15.119:60892] AH00529: /home/espicame/public_html/.htaccess pcfg_openfile: unable to check htaccess file, ensure it is readable and that '/home/espicame/public_html/' is executable
[Fri May 15 23:07:06.517015 2026] [cgi:error] [pid 247098:tid 247098] [client 74.7.241.10:35246] AH02812: stderr from /home/eroberts/public_html/cgi-bin/: attempt to invoke directory as script, referer: https://webmail.solaraatech.com/
[Fri May 15 23:15:01.478945 2026] [core:crit] [pid 239989:tid 239989] (13)Permission denied: [client 43.153.35.128:56158] AH00529: /home/eroberts/public_html/.htaccess pcfg_openfile: unable to check htaccess file, ensure it is readable and that '/home/eroberts/public_html/' is executable
[Fri May 15 23:18:31.383691 2026] [core:crit] [pid 240472:tid 240472] (13)Permission denied: [client 93.174.93.12:60000] AH00529: /home/espicame/public_html/.htaccess pcfg_openfile: unable to check htaccess file, ensure it is readable and that '/home/espicame/public_html/' is executable
[Fri May 15 23:20:59.563608 2026] [proxy_fcgi:error] [pid 252558:tid 252558] [client 45.135.193.157:21490] AH01071: Got error 'Primary script unknown'
[Fri May 15 23:20:59.697337 2026] [proxy_fcgi:error] [pid 252558:tid 252558] [client 45.135.193.157:21490] AH01071: Got error 'Primary script unknown'
[Fri May 15 23:36:07.254314 2026] [core:crit] [pid 252558:tid 252558] (13)Permission denied: [client 199.45.154.119:47398] AH00529: /home/espicame/public_html/.htaccess pcfg_openfile: unable to check htaccess file, ensure it is readable and that '/home/espicame/public_html/' is executable
[Fri May 15 23:36:12.508595 2026] [core:crit] [pid 225444:tid 225444] (13)Permission denied: [client 199.45.154.119:50778] AH00529: /home/espicame/public_html/.htaccess pcfg_openfile: unable to check htaccess file, ensure it is readable and that '/home/espicame/public_html/' is executable
[Fri May 15 23:36:29.850158 2026] [cgi:error] [pid 239989:tid 239989] [client 199.45.154.119:60680] AH02812: stderr from /home/espicame/public_html/cgi-bin/: attempt to invoke directory as script, referer: http://mail.espica.me:80/cgi-bin
[Fri May 15 23:42:05.750343 2026] [core:error] [pid 225444:tid 225444] [client 43.142.87.72:50362] AH10244: invalid URI path (/cgi-bin/.%2e/.%2e/.%2e/.%2e/.%2e/.%2e/.%2e/.%2e/.%2e/.%2e/bin/sh)
[Fri May 15 23:45:35.006099 2026] [core:crit] [pid 225444:tid 225444] (13)Permission denied: [client 65.49.1.182:63966] AH00529: /home/espicame/public_html/.htaccess pcfg_openfile: unable to check htaccess file, ensure it is readable and that '/home/espicame/public_html/' is executable
[Fri May 15 23:52:24.752357 2026] [ssl:error] [pid 240472:tid 240472] [client 98.84.1.175:11612] AH02032: Hostname srv.com (default host as no SNI was provided) and hostname mail.solaraatech.com provided via HTTP have no compatible SSL setup for policy 'secure'
[Fri May 15 23:53:16.771123 2026] [proxy_fcgi:error] [pid 257653:tid 257653] [client 34.73.133.154:58699] AH01071: Got error 'Primary script unknown'
[Fri May 15 23:53:44.501365 2026] [core:error] [pid 228732:tid 228732] [client 47.253.5.130:57796] AH10244: invalid URI path (/cgi-bin/.%2e/.%2e/.%2e/.%2e/.%2e/.%2e/.%2e/.%2e/.%2e/.%2e/bin/sh)
[Sat May 16 00:25:15.202974 2026] [core:crit] [pid 228731:tid 228731] (13)Permission denied: [client 185.189.182.234:38674] AH00529: /home/espica/public_html/.htaccess pcfg_openfile: unable to check htaccess file, ensure it is readable and that '/home/espica/public_html/' is executable
[Sat May 16 00:31:12.248156 2026] [core:crit] [pid 247098:tid 247098] (13)Permission denied: [client 32.194.171.21:14202] AH00529: /home/eroberts/public_html/.htaccess pcfg_openfile: unable to check htaccess file, ensure it is readable and that '/home/eroberts/public_html/' is executable
[Sat May 16 00:31:12.407229 2026] [core:crit] [pid 228731:tid 228731] (13)Permission denied: [client 32.194.171.21:18888] AH00529: /home/eroberts/public_html/.htaccess pcfg_openfile: unable to check htaccess file, ensure it is readable and that '/home/eroberts/public_html/' is executable
[Sat May 16 00:31:12.407551 2026] [core:crit] [pid 238810:tid 238810] (13)Permission denied: [client 32.194.171.21:44953] AH00529: /home/eroberts/public_html/.htaccess pcfg_openfile: unable to check htaccess file, ensure it is readable and that '/home/eroberts/public_html/' is executable
[Sat May 16 00:31:12.561541 2026] [core:crit] [pid 246049:tid 246049] (13)Permission denied: [client 32.194.171.21:60767] AH00529: /home/eroberts/public_html/.htaccess pcfg_openfile: unable to check htaccess file, ensure it is readable and that '/home/eroberts/public_html/' is executable
[Sat May 16 00:31:12.716518 2026] [core:crit] [pid 227827:tid 227827] (13)Permission denied: [client 32.194.171.21:56428] AH00529: /home/eroberts/public_html/.htaccess pcfg_openfile: unable to check htaccess file, ensure it is readable and that '/home/eroberts/public_html/' is executable
[Sat May 16 00:31:12.724590 2026] [core:crit] [pid 252558:tid 252558] (13)Permission denied: [client 32.194.171.21:56038] AH00529: /home/eroberts/public_html/.htaccess pcfg_openfile: unable to check htaccess file, ensure it is readable and that '/home/eroberts/public_html/' is executable
[Sat May 16 00:45:19.695071 2026] [core:crit] [pid 247098:tid 247098] (13)Permission denied: [client 40.124.175.174:33332] AH00529: /home/espicame/public_html/.htaccess pcfg_openfile: unable to check htaccess file, ensure it is readable and that '/home/espicame/public_html/' is executable
[Sat May 16 01:01:43.521105 2026] [core:crit] [pid 257653:tid 257653] (13)Permission denied: [client 185.189.182.234:46150] AH00529: /home/eroberts/public_html/.htaccess pcfg_openfile: unable to check htaccess file, ensure it is readable and that '/home/eroberts/public_html/' is executable
[Sat May 16 01:17:31.371130 2026] [cgi:error] [pid 247098:tid 247098] [client 66.132.172.104:14824] AH02812: stderr from /home/espicame/public_html/cgi-bin/: attempt to invoke directory as script, referer: https://51.75.182.103:443/cgi-bin
[Sat May 16 01:21:43.800124 2026] [core:error] [pid 246049:tid 246049] [client 34.78.8.135:9558] AH00135: Invalid method in request ILRE / HTTP/1.1
[Sat May 16 01:28:02.770535 2026] [core:crit] [pid 227827:tid 227827] (13)Permission denied: [client 184.174.33.218:58590] AH00529: /home/eroberts/public_html/.htaccess pcfg_openfile: unable to check htaccess file, ensure it is readable and that '/home/eroberts/public_html/' is executable
[Sat May 16 01:28:23.329324 2026] [proxy_fcgi:error] [pid 267981:tid 267981] [client 184.174.33.218:50775] AH01071: Got error 'Primary script unknown'
[Sat May 16 01:28:24.316712 2026] [proxy_fcgi:error] [pid 268009:tid 268009] [client 184.174.33.218:50487] AH01071: Got error 'Primary script unknown'
[Sat May 16 01:28:24.316959 2026] [proxy_fcgi:error] [pid 268010:tid 268010] [client 184.174.33.218:50488] AH01071: Got error 'Primary script unknown'
[Sat May 16 01:28:24.320860 2026] [proxy_fcgi:error] [pid 268016:tid 268016] [client 184.174.33.218:50489] AH01071: Got error 'Primary script unknown'
[Sat May 16 01:36:33.319090 2026] [core:crit] [pid 267998:tid 267998] (13)Permission denied: [client 93.174.93.12:60000] AH00529: /home/espica/public_html/.htaccess pcfg_openfile: unable to check htaccess file, ensure it is readable and that '/home/espica/public_html/' is executable
[Sat May 16 02:04:36.843498 2026] [core:crit] [pid 267970:tid 267970] (13)Permission denied: [client 20.118.202.126:43718] AH00529: /home/espica/public_html/.htaccess pcfg_openfile: unable to check htaccess file, ensure it is readable and that '/home/espica/public_html/' is executable
[Sat May 16 02:17:08.570757 2026] [proxy_fcgi:error] [pid 267998:tid 267998] [client 213.209.159.175:30300] AH01071: Got error 'Primary script unknown'
[Sat May 16 02:17:09.092613 2026] [proxy_fcgi:error] [pid 267998:tid 267998] [client 213.209.159.175:30300] AH01071: Got error 'Primary script unknown'
[Sat May 16 02:19:25.478028 2026] [core:crit] [pid 268002:tid 268002] (13)Permission denied: [client 185.12.59.118:60110] AH00529: /home/espicame/public_html/.htaccess pcfg_openfile: unable to check htaccess file, ensure it is readable and that '/home/espicame/public_html/' is executable
[Sat May 16 02:24:19.124391 2026] [core:crit] [pid 268043:tid 268043] (13)Permission denied: [client 139.59.231.238:46622] AH00529: /home/eroberts/public_html/.htaccess pcfg_openfile: unable to check htaccess file, ensure it is readable and that '/home/eroberts/public_html/' is executable
[Sat May 16 02:24:49.283508 2026] [proxy_fcgi:error] [pid 267998:tid 267998] [client 139.59.231.238:46222] AH01071: Got error 'Primary script unknown'
[Sat May 16 02:25:24.833852 2026] [core:crit] [pid 273985:tid 273985] (13)Permission denied: [client 185.12.59.118:59320] AH00529: /home/eroberts/public_html/.htaccess pcfg_openfile: unable to check htaccess file, ensure it is readable and that '/home/eroberts/public_html/' is executable
[Sat May 16 02:32:48.911778 2026] [core:crit] [pid 268020:tid 268020] (13)Permission denied: [client 185.12.59.118:51710] AH00529: /home/espica/public_html/.htaccess pcfg_openfile: unable to check htaccess file, ensure it is readable and that '/home/espica/public_html/' is executable
[Sat May 16 02:41:33.253230 2026] [core:crit] [pid 267970:tid 267970] (13)Permission denied: [client 20.74.212.144:4536] AH00529: /home/espica/public_html/.htaccess pcfg_openfile: unable to check htaccess file, ensure it is readable and that '/home/espica/public_html/' is executable
[Sat May 16 02:44:01.070158 2026] [cgi:error] [pid 268043:tid 268043] [client 167.94.146.56:48238] AH02812: stderr from /home/espicame/public_html/cgi-bin/: attempt to invoke directory as script, referer: https://mail.espica.me:443/cgi-bin
[Sat May 16 03:00:41.338531 2026] [proxy_fcgi:error] [pid 267996:tid 267996] [client 20.46.178.60:5284] AH01071: Got error 'Primary script unknown'
[Sat May 16 03:00:41.571036 2026] [proxy_fcgi:error] [pid 267996:tid 267996] [client 20.46.178.60:5284] AH01071: Got error 'Primary script unknown'
[Sat May 16 03:00:42.035106 2026] [proxy_fcgi:error] [pid 267996:tid 267996] [client 20.46.178.60:5284] AH01071: Got error 'Primary script unknown'
[Sat May 16 03:00:42.268285 2026] [proxy_fcgi:error] [pid 267996:tid 267996] [client 20.46.178.60:5284] AH01071: Got error 'Primary script unknown'
[Sat May 16 03:00:42.500762 2026] [proxy_fcgi:error] [pid 267996:tid 267996] [client 20.46.178.60:5284] AH01071: Got error 'Primary script unknown'
[Sat May 16 03:00:42.732987 2026] [proxy_fcgi:error] [pid 267996:tid 267996] [client 20.46.178.60:5284] AH01071: Got error 'Primary script unknown'
[Sat May 16 03:00:42.965059 2026] [proxy_fcgi:error] [pid 267996:tid 267996] [client 20.46.178.60:5284] AH01071: Got error 'Primary script unknown'
[Sat May 16 03:00:43.197155 2026] [proxy_fcgi:error] [pid 267996:tid 267996] [client 20.46.178.60:5284] AH01071: Got error 'Primary script unknown'
[Sat May 16 03:00:43.892878 2026] [proxy_fcgi:error] [pid 267996:tid 267996] [client 20.46.178.60:5284] AH01071: Got error 'Primary script unknown'
[Sat May 16 03:00:44.125012 2026] [proxy_fcgi:error] [pid 267996:tid 267996] [client 20.46.178.60:5284] AH01071: Got error 'Primary script unknown'
[Sat May 16 03:00:44.357745 2026] [proxy_fcgi:error] [pid 267996:tid 267996] [client 20.46.178.60:5284] AH01071: Got error 'Primary script unknown'
[Sat May 16 03:00:44.590130 2026] [proxy_fcgi:error] [pid 267996:tid 267996] [client 20.46.178.60:5284] AH01071: Got error 'Primary script unknown'
[Sat May 16 03:00:45.831002 2026] [proxy_fcgi:error] [pid 268001:tid 268001] [client 20.46.178.60:5269] AH01071: Got error 'Primary script unknown'
[Sat May 16 03:00:46.073274 2026] [proxy_fcgi:error] [pid 268001:tid 268001] [client 20.46.178.60:5269] AH01071: Got error 'Primary script unknown'
[Sat May 16 03:00:46.315648 2026] [proxy_fcgi:error] [pid 268001:tid 268001] [client 20.46.178.60:5269] AH01071: Got error 'Primary script unknown'
[Sat May 16 03:00:47.308270 2026] [proxy_fcgi:error] [pid 273967:tid 273967] [client 20.46.178.60:5706] AH01071: Got error 'Primary script unknown'
[Sat May 16 03:00:47.540658 2026] [proxy_fcgi:error] [pid 273967:tid 273967] [client 20.46.178.60:5706] AH01071: Got error 'Primary script unknown'
[Sat May 16 03:00:47.773346 2026] [proxy_fcgi:error] [pid 273967:tid 273967] [client 20.46.178.60:5706] AH01071: Got error 'Primary script unknown'
[Sat May 16 03:00:48.029751 2026] [proxy_fcgi:error] [pid 273967:tid 273967] [client 20.46.178.60:5706] AH01071: Got error 'Primary script unknown'
[Sat May 16 03:00:48.996518 2026] [proxy_fcgi:error] [pid 268001:tid 268001] [client 20.46.178.60:6043] AH01071: Got error 'Primary script unknown'
[Sat May 16 03:00:49.241543 2026] [proxy_fcgi:error] [pid 268001:tid 268001] [client 20.46.178.60:6043] AH01071: Got error 'Primary script unknown'
[Sat May 16 03:00:49.474465 2026] [proxy_fcgi:error] [pid 268001:tid 268001] [client 20.46.178.60:6043] AH01071: Got error 'Primary script unknown'
[Sat May 16 03:00:49.707247 2026] [proxy_fcgi:error] [pid 268001:tid 268001] [client 20.46.178.60:6043] AH01071: Got error 'Primary script unknown'
[Sat May 16 03:00:49.940008 2026] [proxy_fcgi:error] [pid 268001:tid 268001] [client 20.46.178.60:6043] AH01071: Got error 'Primary script unknown'
[Sat May 16 03:00:50.177359 2026] [proxy_fcgi:error] [pid 268001:tid 268001] [client 20.46.178.60:6043] AH01071: Got error 'Primary script unknown'
[Sat May 16 03:00:50.411060 2026] [proxy_fcgi:error] [pid 268001:tid 268001] [client 20.46.178.60:6043] AH01071: Got error 'Primary script unknown'
[Sat May 16 03:00:50.643735 2026] [proxy_fcgi:error] [pid 268001:tid 268001] [client 20.46.178.60:6043] AH01071: Got error 'Primary script unknown'
[Sat May 16 03:00:51.111242 2026] [proxy_fcgi:error] [pid 268001:tid 268001] [client 20.46.178.60:6043] AH01071: Got error 'Primary script unknown'
[Sat May 16 03:00:52.056678 2026] [proxy_fcgi:error] [pid 268001:tid 268001] [client 20.46.178.60:6043] AH01071: Got error 'Primary script unknown'
[Sat May 16 03:00:52.527240 2026] [access_compat:error] [pid 268001:tid 268001] [client 20.46.178.60:6043] AH01797: client denied by server configuration: /home/espica/public_html/wp-content/uploads/analytify-logs/
[Sat May 16 03:00:52.528447 2026] [access_compat:error] [pid 268001:tid 268001] [client 20.46.178.60:6043] AH01797: client denied by server configuration: /home/espica/public_html/wp-content/uploads/wc-logs/
[Sat May 16 03:00:52.531461 2026] [access_compat:error] [pid 268001:tid 268001] [client 20.46.178.60:6043] AH01797: client denied by server configuration: /home/espica/public_html/wp-content/uploads/wpseo-redirects/
[Sat May 16 03:00:52.538572 2026] [access_compat:error] [pid 268001:tid 268001] [client 20.46.178.60:6043] AH01797: client denied by server configuration: /home/espica/public_html/wp-content/uploads/woocommerce_uploads/
[Sat May 16 03:00:52.772680 2026] [proxy_fcgi:error] [pid 268001:tid 268001] [client 20.46.178.60:6043] AH01071: Got error 'Primary script unknown'
[Sat May 16 03:17:02.450459 2026] [proxy_fcgi:error] [pid 268001:tid 268001] [client 45.94.31.119:63237] AH01071: Got error 'Primary script unknown'
[Sat May 16 03:31:44.346715 2026] [proxy_fcgi:error] [pid 275367:tid 275367] [client 45.94.31.119:52996] AH01071: Got error 'Primary script unknown'
[Sat May 16 03:52:05.964102 2026] [core:crit] [pid 275366:tid 275366] (13)Permission denied: [client 119.28.122.202:36546] AH00529: /home/eroberts/public_html/.htaccess pcfg_openfile: unable to check htaccess file, ensure it is readable and that '/home/eroberts/public_html/' is executable
[Sat May 16 04:07:26.044545 2026] [core:crit] [pid 275366:tid 275366] (13)Permission denied: [client 98.255.24.4:46214] AH00529: /home/espicame/public_html/.htaccess pcfg_openfile: unable to check htaccess file, ensure it is readable and that '/home/espicame/public_html/' is executable
[Sat May 16 04:22:28.186743 2026] [core:error] [pid 267982:tid 267982] [client 47.79.146.14:44880] AH10244: invalid URI path (/cgi-bin/.%2e/.%2e/.%2e/.%2e/.%2e/.%2e/.%2e/.%2e/.%2e/.%2e/bin/sh)
[Sat May 16 04:29:12.141819 2026] [core:error] [pid 273967:tid 273967] [client 185.193.17.24:33902] AH10244: invalid URI path (/cgi-bin/.%2e/.%2e/.%2e/.%2e/.%2e/.%2e/.%2e/.%2e/.%2e/.%2e/bin/sh)
[Sat May 16 04:29:12.175761 2026] [core:error] [pid 275366:tid 275366] [client 185.193.17.24:33912] AH10244: invalid URI path (/cgi-bin/%%32%65%%32%65/%%32%65%%32%65/%%32%65%%32%65/%%32%65%%32%65/%%32%65%%32%65/%%32%65%%32%65/%%32%65%%32%65/bin/sh)
[Sat May 16 04:34:16.519212 2026] [core:crit] [pid 267970:tid 267970] (13)Permission denied: [client 65.49.1.66:42580] AH00529: /home/espica/public_html/.htaccess pcfg_openfile: unable to check htaccess file, ensure it is readable and that '/home/espica/public_html/' is executable
[Sat May 16 04:39:50.016675 2026] [core:error] [pid 275366:tid 275366] [client 200.23.126.1:32958] AH10244: invalid URI path (/cgi-bin/.%2e/.%2e/.%2e/.%2e/.%2e/.%2e/.%2e/.%2e/.%2e/.%2e/bin/sh)
[Sat May 16 05:25:25.910452 2026] [cgi:error] [pid 268043:tid 268043] [client 66.132.186.162:27952] AH02812: stderr from /home/eroberts/public_html/cgi-bin/: attempt to invoke directory as script, referer: https://51.75.182.98:443/cgi-bin
[Sat May 16 05:33:05.577166 2026] [core:crit] [pid 275366:tid 275366] (13)Permission denied: [client 66.228.62.150:33067] AH00529: /home/eroberts/public_html/.htaccess pcfg_openfile: unable to check htaccess file, ensure it is readable and that '/home/eroberts/public_html/' is executable
[Sat May 16 05:46:59.542342 2026] [core:crit] [pid 275367:tid 275367] (13)Permission denied: [client 135.237.124.6:34058] AH00529: /home/eroberts/public_html/.htaccess pcfg_openfile: unable to check htaccess file, ensure it is readable and that '/home/eroberts/public_html/' is executable
[Sat May 16 05:51:43.315905 2026] [core:error] [pid 267982:tid 267982] [client 181.104.43.225:41774] AH10244: invalid URI path (/cgi-bin/.%2e/.%2e/.%2e/.%2e/.%2e/.%2e/.%2e/.%2e/.%2e/.%2e/bin/sh)
[Sat May 16 05:51:45.838791 2026] [core:error] [pid 268043:tid 268043] [client 181.104.43.225:42502] AH10244: invalid URI path (/cgi-bin/%%32%65%%32%65/%%32%65%%32%65/%%32%65%%32%65/%%32%65%%32%65/%%32%65%%32%65/%%32%65%%32%65/%%32%65%%32%65/bin/sh)
[Sat May 16 06:06:34.834297 2026] [cgi:error] [pid 273967:tid 273967] [client 152.32.160.252:58788] AH02812: stderr from /home/espicame/public_html/cgi-bin/: attempt to invoke directory as script
[Sat May 16 06:06:36.521443 2026] [cgi:error] [pid 288002:tid 288002] [client 152.32.160.252:58814] AH02812: stderr from /home/espicame/public_html/cgi-bin/: attempt to invoke directory as script
[Sat May 16 06:11:59.768351 2026] [cgi:error] [pid 267996:tid 267996] [client 152.32.160.252:56540] AH02812: stderr from /home/eroberts/public_html/cgi-bin/: attempt to invoke directory as script
[Sat May 16 06:12:01.472099 2026] [cgi:error] [pid 267970:tid 267970] [client 152.32.160.252:56558] AH02812: stderr from /home/eroberts/public_html/cgi-bin/: attempt to invoke directory as script
[Sat May 16 06:17:14.435902 2026] [core:crit] [pid 296482:tid 296482] (13)Permission denied: [client 185.189.182.234:48634] AH00529: /home/espicame/public_html/.htaccess pcfg_openfile: unable to check htaccess file, ensure it is readable and that '/home/espicame/public_html/' is executable
[Sat May 16 06:24:12.384379 2026] [core:crit] [pid 296482:tid 296482] (13)Permission denied: [client 20.169.105.48:50418] AH00529: /home/espica/public_html/.htaccess pcfg_openfile: unable to check htaccess file, ensure it is readable and that '/home/espica/public_html/' is executable
[Sat May 16 06:32:55.280240 2026] [core:crit] [pid 273967:tid 273967] (13)Permission denied: [client 45.79.211.97:57778] AH00529: /home/eroberts/public_html/.htaccess pcfg_openfile: unable to check htaccess file, ensure it is readable and that '/home/eroberts/public_html/' is executable
[Sat May 16 06:57:18.458105 2026] [core:crit] [pid 297841:tid 297841] (13)Permission denied: [client 152.32.245.186:47340] AH00529: /home/espicame/public_html/.htaccess pcfg_openfile: unable to check htaccess file, ensure it is readable and that '/home/espicame/public_html/' is executable
[Sat May 16 06:57:18.912500 2026] [core:crit] [pid 268043:tid 268043] (13)Permission denied: [client 152.32.245.186:47558] AH00529: /home/espicame/public_html/.htaccess pcfg_openfile: unable to check htaccess file, ensure it is readable and that '/home/espicame/public_html/' is executable
[Sat May 16 07:13:46.156400 2026] [core:crit] [pid 275367:tid 275367] (13)Permission denied: [client 20.65.192.214:57354] AH00529: /home/espicame/public_html/.htaccess pcfg_openfile: unable to check htaccess file, ensure it is readable and that '/home/espicame/public_html/' is executable
[Sat May 16 07:53:58.541488 2026] [core:crit] [pid 267996:tid 267996] (13)Permission denied: [client 91.231.89.145:35507] AH00529: /home/espica/public_html/.htaccess pcfg_openfile: unable to check htaccess file, ensure it is readable and that '/home/espica/public_html/' is executable
[Sat May 16 07:55:56.854582 2026] [core:crit] [pid 275367:tid 275367] (13)Permission denied: [client 172.235.36.197:53856] AH00529: /home/eroberts/public_html/.htaccess pcfg_openfile: unable to check htaccess file, ensure it is readable and that '/home/eroberts/public_html/' is executable
[Sat May 16 07:55:57.740822 2026] [core:crit] [pid 267996:tid 267996] (13)Permission denied: [client 172.235.36.197:53866] AH00529: /home/eroberts/public_html/.htaccess pcfg_openfile: unable to check htaccess file, ensure it is readable and that '/home/eroberts/public_html/' is executable
[Sat May 16 08:13:13.603674 2026] [cgi:error] [pid 273985:tid 273985] [client 167.94.146.63:36122] AH02812: stderr from /home/espicame/public_html/cgi-bin/: attempt to invoke directory as script, referer: https://51.75.182.103:443/cgi-bin
[Sat May 16 08:13:52.765942 2026] [core:error] [pid 275367:tid 275367] [client 185.193.17.24:54664] AH10244: invalid URI path (/cgi-bin/.%2e/.%2e/.%2e/.%2e/.%2e/.%2e/.%2e/.%2e/.%2e/.%2e/bin/sh)
[Sat May 16 08:23:10.137667 2026] [core:crit] [pid 273985:tid 273985] (13)Permission denied: [client 43.153.10.83:41538] AH00529: /home/eroberts/public_html/.htaccess pcfg_openfile: unable to check htaccess file, ensure it is readable and that '/home/eroberts/public_html/' is executable
[Sat May 16 09:04:16.577246 2026] [cgi:error] [pid 268020:tid 268020] [client 66.132.172.196:32576] AH02812: stderr from /home/espicame/public_html/cgi-bin/: attempt to invoke directory as script, referer: https://51.75.182.103:443/cgi-bin
[Sat May 16 09:32:24.319822 2026] [core:crit] [pid 273967:tid 273967] (13)Permission denied: [client 79.124.40.174:39028] AH00529: /home/espicame/public_html/.htaccess pcfg_openfile: unable to check htaccess file, ensure it is readable and that '/home/espicame/public_html/' is executable
[Sat May 16 09:35:03.239244 2026] [core:crit] [pid 268043:tid 268043] (13)Permission denied: [client 173.255.221.189:56226] AH00529: /home/eroberts/public_html/.htaccess pcfg_openfile: unable to check htaccess file, ensure it is readable and that '/home/eroberts/public_html/' is executable
[Sat May 16 09:40:00.184496 2026] [core:crit] [pid 296615:tid 296615] (13)Permission denied: [client 20.102.116.167:55586] AH00529: /home/espica/public_html/.htaccess pcfg_openfile: unable to check htaccess file, ensure it is readable and that '/home/espica/public_html/' is executable
[Sat May 16 09:50:34.949273 2026] [core:crit] [pid 288002:tid 288002] (13)Permission denied: [client 79.124.40.174:41882] AH00529: /home/espica/public_html/.htaccess pcfg_openfile: unable to check htaccess file, ensure it is readable and that '/home/espica/public_html/' is executable
[Sat May 16 09:51:36.838342 2026] [core:crit] [pid 268043:tid 268043] (13)Permission denied: [client 91.230.168.182:40303] AH00529: /home/espicame/public_html/.htaccess pcfg_openfile: unable to check htaccess file, ensure it is readable and that '/home/espicame/public_html/' is executable
[Sat May 16 10:02:00.455399 2026] [core:crit] [pid 315048:tid 315048] (13)Permission denied: [client 52.146.16.184:48090] AH00529: /home/espicame/public_html/.htaccess pcfg_openfile: unable to check htaccess file, ensure it is readable and that '/home/espicame/public_html/' is executable
[Sat May 16 10:33:28.330149 2026] [core:crit] [pid 315048:tid 315048] (13)Permission denied: [client 194.195.210.47:39209] AH00529: /home/espica/public_html/.htaccess pcfg_openfile: unable to check htaccess file, ensure it is readable and that '/home/espica/public_html/' is executable
[Sat May 16 10:35:19.280478 2026] [core:crit] [pid 273985:tid 273985] (13)Permission denied: [client 45.33.109.18:43581] AH00529: /home/espicame/public_html/.htaccess pcfg_openfile: unable to check htaccess file, ensure it is readable and that '/home/espicame/public_html/' is executable
[Sat May 16 10:56:07.058451 2026] [proxy_fcgi:error] [pid 315048:tid 315048] [client 213.209.159.175:57636] AH01071: Got error 'Primary script unknown'
[Sat May 16 10:56:07.224164 2026] [proxy_fcgi:error] [pid 315048:tid 315048] [client 213.209.159.175:57636] AH01071: Got error 'Primary script unknown'
[Sat May 16 10:56:07.316946 2026] [proxy_fcgi:error] [pid 315048:tid 315048] [client 213.209.159.175:57636] AH01071: Got error 'Primary script unknown'
[Sat May 16 11:13:51.060141 2026] [core:error] [pid 324287:tid 324287] [client 118.71.137.220:10604] AH10244: invalid URI path (/cgi-bin/.%2e/.%2e/.%2e/.%2e/.%2e/.%2e/.%2e/.%2e/.%2e/.%2e/bin/sh)
[Sat May 16 11:31:15.445930 2026] [proxy_fcgi:error] [pid 324287:tid 324287] [client 172.190.142.176:33158] AH01071: Got error 'Primary script unknown'
[Sat May 16 11:31:15.532943 2026] [proxy_fcgi:error] [pid 324287:tid 324287] [client 172.190.142.176:33158] AH01071: Got error 'Primary script unknown'
[Sat May 16 11:31:15.621872 2026] [proxy_fcgi:error] [pid 324287:tid 324287] [client 172.190.142.176:33158] AH01071: Got error 'Primary script unknown'
[Sat May 16 11:31:15.824609 2026] [proxy_fcgi:error] [pid 324287:tid 324287] [client 172.190.142.176:33158] AH01071: Got error 'Primary script unknown'
[Sat May 16 11:31:15.911369 2026] [proxy_fcgi:error] [pid 324287:tid 324287] [client 172.190.142.176:33158] AH01071: Got error 'Primary script unknown'
[Sat May 16 11:31:15.998242 2026] [proxy_fcgi:error] [pid 324287:tid 324287] [client 172.190.142.176:33158] AH01071: Got error 'Primary script unknown'
[Sat May 16 11:31:16.084977 2026] [proxy_fcgi:error] [pid 324287:tid 324287] [client 172.190.142.176:33158] AH01071: Got error 'Primary script unknown'
[Sat May 16 11:31:16.171801 2026] [proxy_fcgi:error] [pid 324287:tid 324287] [client 172.190.142.176:33158] AH01071: Got error 'Primary script unknown'
[Sat May 16 11:31:16.258679 2026] [proxy_fcgi:error] [pid 324287:tid 324287] [client 172.190.142.176:33158] AH01071: Got error 'Primary script unknown'
[Sat May 16 11:31:16.345678 2026] [proxy_fcgi:error] [pid 324287:tid 324287] [client 172.190.142.176:33158] AH01071: Got error 'Primary script unknown'
[Sat May 16 11:31:16.432759 2026] [proxy_fcgi:error] [pid 324287:tid 324287] [client 172.190.142.176:33158] AH01071: Got error 'Primary script unknown'
[Sat May 16 11:31:16.519789 2026] [proxy_fcgi:error] [pid 324287:tid 324287] [client 172.190.142.176:33158] AH01071: Got error 'Primary script unknown'
[Sat May 16 11:31:16.606632 2026] [proxy_fcgi:error] [pid 324287:tid 324287] [client 172.190.142.176:33158] AH01071: Got error 'Primary script unknown'
[Sat May 16 11:31:16.693701 2026] [proxy_fcgi:error] [pid 324287:tid 324287] [client 172.190.142.176:33158] AH01071: Got error 'Primary script unknown'
[Sat May 16 11:31:16.780494 2026] [proxy_fcgi:error] [pid 324287:tid 324287] [client 172.190.142.176:33158] AH01071: Got error 'Primary script unknown'
[Sat May 16 11:31:16.867468 2026] [proxy_fcgi:error] [pid 324287:tid 324287] [client 172.190.142.176:33158] AH01071: Got error 'Primary script unknown'
[Sat May 16 11:31:16.955016 2026] [proxy_fcgi:error] [pid 324287:tid 324287] [client 172.190.142.176:33158] AH01071: Got error 'Primary script unknown'
[Sat May 16 11:31:17.042028 2026] [proxy_fcgi:error] [pid 324287:tid 324287] [client 172.190.142.176:33158] AH01071: Got error 'Primary script unknown'
[Sat May 16 11:31:17.128866 2026] [proxy_fcgi:error] [pid 324287:tid 324287] [client 172.190.142.176:33158] AH01071: Got error 'Primary script unknown'
[Sat May 16 11:31:17.217785 2026] [proxy_fcgi:error] [pid 324287:tid 324287] [client 172.190.142.176:33158] AH01071: Got error 'Primary script unknown'
[Sat May 16 11:31:17.304804 2026] [proxy_fcgi:error] [pid 324287:tid 324287] [client 172.190.142.176:33158] AH01071: Got error 'Primary script unknown'
[Sat May 16 11:31:17.391587 2026] [proxy_fcgi:error] [pid 324287:tid 324287] [client 172.190.142.176:33158] AH01071: Got error 'Primary script unknown'
[Sat May 16 11:31:17.478425 2026] [proxy_fcgi:error] [pid 324287:tid 324287] [client 172.190.142.176:33158] AH01071: Got error 'Primary script unknown'
[Sat May 16 11:31:17.566526 2026] [proxy_fcgi:error] [pid 324287:tid 324287] [client 172.190.142.176:33158] AH01071: Got error 'Primary script unknown'
[Sat May 16 11:31:17.653402 2026] [proxy_fcgi:error] [pid 324287:tid 324287] [client 172.190.142.176:33158] AH01071: Got error 'Primary script unknown'
[Sat May 16 11:31:17.765067 2026] [proxy_fcgi:error] [pid 324287:tid 324287] [client 172.190.142.176:33158] AH01071: Got error 'Primary script unknown'
[Sat May 16 11:31:17.853710 2026] [proxy_fcgi:error] [pid 324287:tid 324287] [client 172.190.142.176:33158] AH01071: Got error 'Primary script unknown'
[Sat May 16 11:31:17.940444 2026] [proxy_fcgi:error] [pid 324287:tid 324287] [client 172.190.142.176:33158] AH01071: Got error 'Primary script unknown'
[Sat May 16 11:31:18.027432 2026] [proxy_fcgi:error] [pid 324287:tid 324287] [client 172.190.142.176:33158] AH01071: Got error 'Primary script unknown'
[Sat May 16 11:31:18.114500 2026] [proxy_fcgi:error] [pid 324287:tid 324287] [client 172.190.142.176:33158] AH01071: Got error 'Primary script unknown'
[Sat May 16 11:31:18.227443 2026] [proxy_fcgi:error] [pid 324287:tid 324287] [client 172.190.142.176:33158] AH01071: Got error 'Primary script unknown'
[Sat May 16 11:31:18.520469 2026] [proxy_fcgi:error] [pid 324287:tid 324287] [client 172.190.142.176:33158] AH01071: Got error 'Primary script unknown'
[Sat May 16 11:31:18.607205 2026] [proxy_fcgi:error] [pid 324287:tid 324287] [client 172.190.142.176:33158] AH01071: Got error 'Primary script unknown'
[Sat May 16 11:31:18.693988 2026] [proxy_fcgi:error] [pid 324287:tid 324287] [client 172.190.142.176:33158] AH01071: Got error 'Primary script unknown'
[Sat May 16 11:31:18.780709 2026] [proxy_fcgi:error] [pid 324287:tid 324287] [client 172.190.142.176:33158] AH01071: Got error 'Primary script unknown'
[Sat May 16 11:31:18.870201 2026] [proxy_fcgi:error] [pid 324287:tid 324287] [client 172.190.142.176:33158] AH01071: Got error 'Primary script unknown'
[Sat May 16 11:31:18.957149 2026] [proxy_fcgi:error] [pid 324287:tid 324287] [client 172.190.142.176:33158] AH01071: Got error 'Primary script unknown'
[Sat May 16 11:31:19.044051 2026] [proxy_fcgi:error] [pid 324287:tid 324287] [client 172.190.142.176:33158] AH01071: Got error 'Primary script unknown'
[Sat May 16 11:31:19.131447 2026] [proxy_fcgi:error] [pid 324287:tid 324287] [client 172.190.142.176:33158] AH01071: Got error 'Primary script unknown'
[Sat May 16 11:31:19.218498 2026] [proxy_fcgi:error] [pid 324287:tid 324287] [client 172.190.142.176:33158] AH01071: Got error 'Primary script unknown'
[Sat May 16 11:31:19.305862 2026] [proxy_fcgi:error] [pid 324287:tid 324287] [client 172.190.142.176:33158] AH01071: Got error 'Primary script unknown'
[Sat May 16 11:31:19.392624 2026] [proxy_fcgi:error] [pid 324287:tid 324287] [client 172.190.142.176:33158] AH01071: Got error 'Primary script unknown'
[Sat May 16 11:31:19.479413 2026] [proxy_fcgi:error] [pid 324287:tid 324287] [client 172.190.142.176:33158] AH01071: Got error 'Primary script unknown'
[Sat May 16 11:31:19.566212 2026] [proxy_fcgi:error] [pid 324287:tid 324287] [client 172.190.142.176:33158] AH01071: Got error 'Primary script unknown'
[Sat May 16 11:31:19.653276 2026] [proxy_fcgi:error] [pid 324287:tid 324287] [client 172.190.142.176:33158] AH01071: Got error 'Primary script unknown'
[Sat May 16 11:31:19.740027 2026] [proxy_fcgi:error] [pid 324287:tid 324287] [client 172.190.142.176:33158] AH01071: Got error 'Primary script unknown'
[Sat May 16 11:31:19.826778 2026] [proxy_fcgi:error] [pid 324287:tid 324287] [client 172.190.142.176:33158] AH01071: Got error 'Primary script unknown'
[Sat May 16 11:31:19.913511 2026] [proxy_fcgi:error] [pid 324287:tid 324287] [client 172.190.142.176:33158] AH01071: Got error 'Primary script unknown'
[Sat May 16 11:31:20.000356 2026] [proxy_fcgi:error] [pid 324287:tid 324287] [client 172.190.142.176:33158] AH01071: Got error 'Primary script unknown'
[Sat May 16 11:36:18.995014 2026] [core:crit] [pid 324287:tid 324287] (13)Permission denied: [client 45.79.207.181:37322] AH00529: /home/espica/public_html/.htaccess pcfg_openfile: unable to check htaccess file, ensure it is readable and that '/home/espica/public_html/' is executable
[Sat May 16 11:40:05.761823 2026] [core:crit] [pid 317212:tid 317212] (13)Permission denied: [client 93.174.93.12:60000] AH00529: /home/espicame/public_html/.htaccess pcfg_openfile: unable to check htaccess file, ensure it is readable and that '/home/espicame/public_html/' is executable
[Sat May 16 11:54:20.845715 2026] [core:error] [pid 315048:tid 315048] [client 37.123.193.103:58202] AH10244: invalid URI path (/cgi-bin/.%2e/.%2e/.%2e/.%2e/.%2e/.%2e/.%2e/.%2e/.%2e/.%2e/bin/sh)
[Sat May 16 11:54:21.152797 2026] [core:error] [pid 329763:tid 329763] [client 37.123.193.103:58210] AH10244: invalid URI path (/cgi-bin/%%32%65%%32%65/%%32%65%%32%65/%%32%65%%32%65/%%32%65%%32%65/%%32%65%%32%65/%%32%65%%32%65/%%32%65%%32%65/bin/sh)
[Sat May 16 12:20:12.010336 2026] [cgi:error] [pid 317212:tid 317212] [client 66.132.186.168:47684] AH02812: stderr from /home/espicame/public_html/cgi-bin/: attempt to invoke directory as script, referer: https://51.75.182.103:443/cgi-bin
[Sat May 16 12:24:15.646550 2026] [core:error] [pid 324535:tid 324535] [client 136.175.83.27:50518] AH10244: invalid URI path (/cgi-bin/.%2e/.%2e/.%2e/.%2e/.%2e/.%2e/.%2e/.%2e/.%2e/.%2e/bin/sh)
[Sat May 16 12:24:17.012731 2026] [core:error] [pid 329762:tid 329762] [client 136.175.83.27:50532] AH10244: invalid URI path (/cgi-bin/%%32%65%%32%65/%%32%65%%32%65/%%32%65%%32%65/%%32%65%%32%65/%%32%65%%32%65/%%32%65%%32%65/%%32%65%%32%65/bin/sh)
[Sat May 16 12:28:48.731398 2026] [core:crit] [pid 317212:tid 317212] (13)Permission denied: [client 18.116.101.220:50496] AH00529: /home/espica/public_html/.htaccess pcfg_openfile: unable to check htaccess file, ensure it is readable and that '/home/espica/public_html/' is executable
[Sat May 16 12:28:56.471240 2026] [core:crit] [pid 315048:tid 315048] (13)Permission denied: [client 18.116.101.220:35894] AH00529: /home/espica/public_html/.htaccess pcfg_openfile: unable to check htaccess file, ensure it is readable and that '/home/espica/public_html/' is executable
[Sat May 16 12:33:20.517070 2026] [core:crit] [pid 323893:tid 323893] (13)Permission denied: [client 45.79.115.59:58335] AH00529: /home/espica/public_html/.htaccess pcfg_openfile: unable to check htaccess file, ensure it is readable and that '/home/espica/public_html/' is executable
[Sat May 16 12:49:52.975964 2026] [core:crit] [pid 297841:tid 297841] (13)Permission denied: [client 124.156.226.179:32862] AH00529: /home/eroberts/public_html/.htaccess pcfg_openfile: unable to check htaccess file, ensure it is readable and that '/home/eroberts/public_html/' is executable
[Sat May 16 12:50:59.758920 2026] [core:error] [pid 288002:tid 288002] [client 23.94.213.157:49948] AH10244: invalid URI path (/cgi-bin/.%2e/.%2e/.%2e/.%2e/.%2e/.%2e/.%2e/.%2e/.%2e/.%2e/bin/sh)
[Sat May 16 12:51:00.071521 2026] [core:error] [pid 329759:tid 329759] [client 23.94.213.157:49960] AH10244: invalid URI path (/cgi-bin/%%32%65%%32%65/%%32%65%%32%65/%%32%65%%32%65/%%32%65%%32%65/%%32%65%%32%65/%%32%65%%32%65/%%32%65%%32%65/bin/sh)
[Sat May 16 12:51:06.697969 2026] [proxy_fcgi:error] [pid 324287:tid 324287] [client 23.94.213.157:49964] AH01071: Got error 'Primary script unknown'
[Sat May 16 12:51:07.005583 2026] [proxy_fcgi:error] [pid 324287:tid 324287] [client 23.94.213.157:49964] AH01071: Got error 'Primary script unknown'
[Sat May 16 12:51:07.162723 2026] [proxy_fcgi:error] [pid 324287:tid 324287] [client 23.94.213.157:49964] AH01071: Got error 'Primary script unknown'
[Sat May 16 12:58:26.026359 2026] [core:crit] [pid 297841:tid 297841] (13)Permission denied: [client 3.130.168.2:38372] AH00529: /home/espica/public_html/.htaccess pcfg_openfile: unable to check htaccess file, ensure it is readable and that '/home/espica/public_html/' is executable
[Sat May 16 13:02:32.954688 2026] [core:crit] [pid 324535:tid 324535] (13)Permission denied: [client 66.132.195.46:53456] AH00529: /home/espica/public_html/.htaccess pcfg_openfile: unable to check htaccess file, ensure it is readable and that '/home/espica/public_html/' is executable
[Sat May 16 13:02:46.482197 2026] [core:crit] [pid 336392:tid 336392] (13)Permission denied: [client 66.132.195.46:30542] AH00529: /home/espica/public_html/.htaccess pcfg_openfile: unable to check htaccess file, ensure it is readable and that '/home/espica/public_html/' is executable
[Sat May 16 13:03:39.295163 2026] [core:crit] [pid 329763:tid 329763] (13)Permission denied: [client 66.132.195.46:39142] AH00529: /home/espica/public_html/.htaccess pcfg_openfile: unable to check htaccess file, ensure it is readable and that '/home/espica/public_html/' is executable
[Sat May 16 13:03:44.562522 2026] [core:error] [pid 336394:tid 336394] [client 117.175.140.121:55628] AH10244: invalid URI path (/cgi-bin/.%2e/.%2e/.%2e/.%2e/.%2e/.%2e/.%2e/.%2e/.%2e/.%2e/bin/sh)
[Sat May 16 13:03:45.281712 2026] [core:error] [pid 324287:tid 324287] [client 117.175.140.121:55636] AH10244: invalid URI path (/cgi-bin/%%32%65%%32%65/%%32%65%%32%65/%%32%65%%32%65/%%32%65%%32%65/%%32%65%%32%65/%%32%65%%32%65/%%32%65%%32%65/bin/sh)
[Sat May 16 13:05:54.017824 2026] [core:error] [pid 288002:tid 288002] [client 117.164.191.217:47396] AH10244: invalid URI path (/cgi-bin/.%2e/.%2e/.%2e/.%2e/.%2e/.%2e/.%2e/.%2e/.%2e/.%2e/bin/sh)
[Sat May 16 13:16:31.025337 2026] [core:crit] [pid 297841:tid 297841] (13)Permission denied: [client 3.131.220.121:40408] AH00529: /home/eroberts/public_html/.htaccess pcfg_openfile: unable to check htaccess file, ensure it is readable and that '/home/eroberts/public_html/' is executable
[Sat May 16 13:16:51.645215 2026] [core:crit] [pid 297841:tid 297841] (13)Permission denied: [client 3.131.220.121:45518] AH00529: /home/eroberts/public_html/.htaccess pcfg_openfile: unable to check htaccess file, ensure it is readable and that '/home/eroberts/public_html/' is executable
[Sat May 16 13:17:03.958842 2026] [proxy_fcgi:error] [pid 336392:tid 336392] [client 45.94.31.119:57344] AH01071: Got error 'Primary script unknown'
[Sat May 16 13:28:30.713204 2026] [core:crit] [pid 323893:tid 323893] (13)Permission denied: [client 3.132.26.232:53342] AH00529: /home/espicame/public_html/.htaccess pcfg_openfile: unable to check htaccess file, ensure it is readable and that '/home/espicame/public_html/' is executable
[Sat May 16 13:29:31.509064 2026] [core:crit] [pid 329759:tid 329759] (13)Permission denied: [client 3.132.26.232:33512] AH00529: /home/espicame/public_html/.htaccess pcfg_openfile: unable to check htaccess file, ensure it is readable and that '/home/espicame/public_html/' is executable
[Sat May 16 13:33:19.174369 2026] [core:crit] [pid 297841:tid 297841] (13)Permission denied: [client 66.228.62.150:42343] AH00529: /home/espica/public_html/.htaccess pcfg_openfile: unable to check htaccess file, ensure it is readable and that '/home/espica/public_html/' is executable
[Sat May 16 13:33:37.884218 2026] [core:crit] [pid 288002:tid 288002] (13)Permission denied: [client 66.228.62.150:44153] AH00529: /home/espicame/public_html/.htaccess pcfg_openfile: unable to check htaccess file, ensure it is readable and that '/home/espicame/public_html/' is executable
[Sat May 16 13:34:23.633209 2026] [core:crit] [pid 288002:tid 288002] (13)Permission denied: [client 3.129.187.38:51586] AH00529: /home/espicame/public_html/.htaccess pcfg_openfile: unable to check htaccess file, ensure it is readable and that '/home/espicame/public_html/' is executable
[Sat May 16 13:34:55.961024 2026] [core:crit] [pid 324535:tid 324535] (13)Permission denied: [client 3.129.187.38:46766] AH00529: /home/espicame/public_html/.htaccess pcfg_openfile: unable to check htaccess file, ensure it is readable and that '/home/espicame/public_html/' is executable
[Sat May 16 14:08:00.687933 2026] [core:crit] [pid 297841:tid 297841] (13)Permission denied: [client 199.45.155.85:9682] AH00529: /home/espicame/public_html/.htaccess pcfg_openfile: unable to check htaccess file, ensure it is readable and that '/home/espicame/public_html/' is executable
[Sat May 16 14:08:01.562001 2026] [core:crit] [pid 341793:tid 341793] (13)Permission denied: [client 199.45.155.85:9696] AH00529: /home/espicame/public_html/.htaccess pcfg_openfile: unable to check htaccess file, ensure it is readable and that '/home/espicame/public_html/' is executable
[Sat May 16 14:08:06.537802 2026] [cgi:error] [pid 324287:tid 324287] [client 199.45.155.85:23456] AH02812: stderr from /home/espicame/public_html/cgi-bin/: attempt to invoke directory as script, referer: http://51.75.182.103:80/cgi-bin
[Sat May 16 14:08:13.020755 2026] [core:crit] [pid 329763:tid 329763] (13)Permission denied: [client 199.45.155.85:44890] AH00529: /home/espicame/public_html/.htaccess pcfg_openfile: unable to check htaccess file, ensure it is readable and that '/home/espicame/public_html/' is executable
[Sat May 16 14:34:23.408890 2026] [core:crit] [pid 317212:tid 317212] (13)Permission denied: [client 16.58.56.214:46712] AH00529: /home/espica/public_html/.htaccess pcfg_openfile: unable to check htaccess file, ensure it is readable and that '/home/espica/public_html/' is executable
[Sat May 16 14:36:44.681422 2026] [core:crit] [pid 336392:tid 336392] (13)Permission denied: [client 16.58.56.214:56674] AH00529: /home/espica/public_html/.htaccess pcfg_openfile: unable to check htaccess file, ensure it is readable and that '/home/espica/public_html/' is executable
[Sat May 16 14:39:29.777340 2026] [core:crit] [pid 336394:tid 336394] (13)Permission denied: [client 16.58.56.214:57614] AH00529: /home/espica/public_html/.htaccess pcfg_openfile: unable to check htaccess file, ensure it is readable and that '/home/espica/public_html/' is executable
[Sat May 16 14:50:55.102682 2026] [proxy_fcgi:error] [pid 341793:tid 341793] [client 191.239.255.40:62506] AH01071: Got error 'Primary script unknown'
[Sat May 16 14:50:55.304513 2026] [proxy_fcgi:error] [pid 341793:tid 341793] [client 191.239.255.40:62506] AH01071: Got error 'Primary script unknown'
[Sat May 16 14:50:55.506632 2026] [proxy_fcgi:error] [pid 341793:tid 341793] [client 191.239.255.40:62506] AH01071: Got error 'Primary script unknown'
[Sat May 16 14:50:55.708059 2026] [proxy_fcgi:error] [pid 341793:tid 341793] [client 191.239.255.40:62506] AH01071: Got error 'Primary script unknown'
[Sat May 16 14:50:55.922642 2026] [proxy_fcgi:error] [pid 341793:tid 341793] [client 191.239.255.40:62506] AH01071: Got error 'Primary script unknown'
[Sat May 16 14:50:56.124760 2026] [proxy_fcgi:error] [pid 341793:tid 341793] [client 191.239.255.40:62506] AH01071: Got error 'Primary script unknown'
[Sat May 16 14:50:56.326532 2026] [proxy_fcgi:error] [pid 341793:tid 341793] [client 191.239.255.40:62506] AH01071: Got error 'Primary script unknown'
[Sat May 16 14:50:56.603406 2026] [proxy_fcgi:error] [pid 341793:tid 341793] [client 191.239.255.40:62506] AH01071: Got error 'Primary script unknown'
[Sat May 16 14:50:56.805098 2026] [proxy_fcgi:error] [pid 341793:tid 341793] [client 191.239.255.40:62506] AH01071: Got error 'Primary script unknown'
[Sat May 16 14:50:57.006324 2026] [proxy_fcgi:error] [pid 341793:tid 341793] [client 191.239.255.40:62506] AH01071: Got error 'Primary script unknown'
[Sat May 16 14:50:57.209857 2026] [proxy_fcgi:error] [pid 341793:tid 341793] [client 191.239.255.40:62506] AH01071: Got error 'Primary script unknown'
[Sat May 16 14:50:57.411083 2026] [proxy_fcgi:error] [pid 341793:tid 341793] [client 191.239.255.40:62506] AH01071: Got error 'Primary script unknown'
[Sat May 16 14:50:57.616211 2026] [proxy_fcgi:error] [pid 341793:tid 341793] [client 191.239.255.40:62506] AH01071: Got error 'Primary script unknown'
[Sat May 16 14:50:57.817556 2026] [proxy_fcgi:error] [pid 341793:tid 341793] [client 191.239.255.40:62506] AH01071: Got error 'Primary script unknown'
[Sat May 16 14:50:58.019662 2026] [proxy_fcgi:error] [pid 341793:tid 341793] [client 191.239.255.40:62506] AH01071: Got error 'Primary script unknown'
[Sat May 16 14:50:58.226668 2026] [proxy_fcgi:error] [pid 341793:tid 341793] [client 191.239.255.40:62506] AH01071: Got error 'Primary script unknown'
[Sat May 16 14:50:58.428006 2026] [proxy_fcgi:error] [pid 341793:tid 341793] [client 191.239.255.40:62506] AH01071: Got error 'Primary script unknown'
[Sat May 16 14:50:58.629348 2026] [proxy_fcgi:error] [pid 341793:tid 341793] [client 191.239.255.40:62506] AH01071: Got error 'Primary script unknown'
[Sat May 16 14:50:58.836467 2026] [proxy_fcgi:error] [pid 341793:tid 341793] [client 191.239.255.40:62506] AH01071: Got error 'Primary script unknown'
[Sat May 16 14:50:59.042116 2026] [proxy_fcgi:error] [pid 341793:tid 341793] [client 191.239.255.40:62506] AH01071: Got error 'Primary script unknown'
[Sat May 16 14:50:59.290698 2026] [proxy_fcgi:error] [pid 341793:tid 341793] [client 191.239.255.40:62506] AH01071: Got error 'Primary script unknown'
[Sat May 16 14:50:59.492068 2026] [proxy_fcgi:error] [pid 341793:tid 341793] [client 191.239.255.40:62506] AH01071: Got error 'Primary script unknown'
[Sat May 16 14:50:59.693230 2026] [proxy_fcgi:error] [pid 341793:tid 341793] [client 191.239.255.40:62506] AH01071: Got error 'Primary script unknown'
[Sat May 16 14:50:59.899556 2026] [proxy_fcgi:error] [pid 341793:tid 341793] [client 191.239.255.40:62506] AH01071: Got error 'Primary script unknown'
